CRAN Package Check Results for Package shinyML

Last updated on 2022-01-17 23:51:37 CET.

Flavor Version Tinstall Tcheck Ttotal Status Flags
r-devel-linux-x86_64-debian-clang 1.0.1 15.39 109.87 125.26 NOTE
r-devel-linux-x86_64-debian-gcc 1.0.1 12.38 82.76 95.14 NOTE
r-devel-linux-x86_64-fedora-clang 1.0.1 151.67 NOTE
r-devel-linux-x86_64-fedora-gcc 1.0.1 136.64 NOTE
r-devel-windows-x86_64-new-UL 1.0.1 25.00 118.00 143.00 NOTE
r-devel-windows-x86_64-new-TK 1.0.1 NOTE
r-patched-linux-x86_64 1.0.1 14.18 105.36 119.54 NOTE
r-release-linux-x86_64 1.0.1 NOTE
r-release-macos-arm64 1.0.1 NOTE
r-release-macos-x86_64 1.0.1 NOTE
r-release-windows-ix86+x86_64 1.0.1 33.00 122.00 155.00 NOTE
r-oldrel-macos-x86_64 1.0.1 OK
r-oldrel-windows-ix86+x86_64 1.0.1 33.00 123.00 156.00 OK

Check Details

Version: 1.0.1
Check: LazyData
Result: NOTE
     'LazyData' is specified without a 'data' directory
Flavors: r-devel-linux-x86_64-debian-clang, r-devel-linux-x86_64-debian-gcc, r-devel-linux-x86_64-fedora-clang, r-devel-linux-x86_64-fedora-gcc, r-devel-windows-x86_64-new-UL, r-devel-windows-x86_64-new-TK, r-patched-linux-x86_64, r-release-linux-x86_64, r-release-macos-arm64, r-release-macos-x86_64, r-release-windows-ix86+x86_64