CRAN Package Check Results for Package shinyMolBio

Last updated on 2022-11-30 23:54:51 CET.

Flavor Version Tinstall Tcheck Ttotal Status Flags
r-devel-linux-x86_64-debian-clang 0.2 9.77 84.64 94.41 NOTE
r-devel-linux-x86_64-debian-gcc 0.2 7.20 61.79 68.99 NOTE
r-devel-linux-x86_64-fedora-clang 0.2 124.71 NOTE
r-devel-linux-x86_64-fedora-gcc 0.2 118.20 NOTE
r-devel-windows-x86_64 0.2 16.00 108.00 124.00 NOTE
r-patched-linux-x86_64 0.2 5.80 78.46 84.26 NOTE
r-release-linux-x86_64 0.2 6.22 79.28 85.50 NOTE
r-release-macos-arm64 0.2 35.00 NOTE
r-release-macos-x86_64 0.2 56.00 NOTE
r-release-windows-x86_64 0.2 41.00 111.00 152.00 NOTE
r-oldrel-macos-arm64 0.2 44.00 NOTE
r-oldrel-macos-x86_64 0.2 59.00 NOTE
r-oldrel-windows-ix86+x86_64 0.2 25.00 101.00 126.00 NOTE

Check Details

Version: 0.2
Check: LazyData
Result: NOTE
     'LazyData' is specified without a 'data' directory
Flavors: r-devel-linux-x86_64-debian-clang, r-devel-linux-x86_64-debian-gcc, r-devel-linux-x86_64-fedora-clang, r-devel-linux-x86_64-fedora-gcc, r-devel-windows-x86_64, r-patched-linux-x86_64, r-release-linux-x86_64, r-release-macos-arm64, r-release-macos-x86_64, r-release-windows-x86_64, r-oldrel-macos-arm64, r-oldrel-macos-x86_64, r-oldrel-windows-ix86+x86_64