Last updated on 2024-08-16 11:49:51 CEST.
Flavor | Version | Tinstall | Tcheck | Ttotal | Status | Flags |
---|---|---|---|---|---|---|
r-devel-linux-x86_64-debian-clang | 0.1.2 | 6.98 | 53.89 | 60.87 | NOTE | |
r-devel-linux-x86_64-debian-gcc | 0.1.2 | 5.73 | 39.46 | 45.19 | NOTE | |
r-devel-linux-x86_64-fedora-clang | 0.1.2 | 101.68 | NOTE | |||
r-devel-linux-x86_64-fedora-gcc | 0.1.2 | 104.06 | NOTE | |||
r-devel-windows-x86_64 | 0.1.2 | 10.00 | 72.00 | 82.00 | NOTE | |
r-patched-linux-x86_64 | 0.1.2 | 6.68 | 50.90 | 57.58 | NOTE | |
r-release-linux-x86_64 | 0.1.2 | 7.76 | 51.60 | 59.36 | NOTE | |
r-release-macos-arm64 | 0.1.2 | 37.00 | NOTE | |||
r-release-macos-x86_64 | 0.1.2 | 55.00 | NOTE | |||
r-release-windows-x86_64 | 0.1.2 | 11.00 | 72.00 | 83.00 | NOTE | |
r-oldrel-macos-arm64 | 0.1.2 | 49.00 | NOTE | |||
r-oldrel-macos-x86_64 | 0.1.2 | 54.00 | NOTE | |||
r-oldrel-windows-x86_64 | 0.1.2 | 12.00 | 77.00 | 89.00 | NOTE |
Version: 0.1.2
Check: LazyData
Result: NOTE
'LazyData' is specified without a 'data' directory
Flavors: r-devel-linux-x86_64-debian-clang, r-devel-linux-x86_64-debian-gcc, r-devel-linux-x86_64-fedora-clang, r-devel-linux-x86_64-fedora-gcc, r-devel-windows-x86_64, r-patched-linux-x86_64, r-release-linux-x86_64, r-release-macos-arm64, r-release-macos-x86_64, r-release-windows-x86_64, r-oldrel-macos-arm64, r-oldrel-macos-x86_64, r-oldrel-windows-x86_64