CRAN Package Check Results for Package shinybrms

Last updated on 2023-09-29 11:56:06 CEST.

Flavor Version Tinstall Tcheck Ttotal Status Flags
r-devel-linux-x86_64-debian-clang 1.8.0 2.54 36.00 38.54 NOTE
r-devel-linux-x86_64-debian-gcc 1.8.0 2.11 26.94 29.05 NOTE
r-devel-linux-x86_64-fedora-clang 1.8.0 50.61 NOTE
r-devel-linux-x86_64-fedora-gcc 1.8.0 49.44 NOTE
r-devel-windows-x86_64 1.8.0 6.00 48.00 54.00 NOTE
r-patched-linux-x86_64 1.8.0 2.15 34.41 36.56 NOTE
r-release-linux-x86_64 1.8.0 1.76 34.36 36.12 NOTE
r-release-macos-arm64 1.8.0 20.00 NOTE
r-release-macos-x86_64 1.8.0 27.00 NOTE
r-release-windows-x86_64 1.8.0 7.00 51.00 58.00 NOTE
r-oldrel-macos-arm64 1.8.0 20.00 NOTE
r-oldrel-macos-x86_64 1.8.0 25.00 NOTE
r-oldrel-windows-x86_64 1.8.0 10.00 52.00 62.00 NOTE

Check Details

Version: 1.8.0
Check: package dependencies
Result: NOTE
    Package suggested but not available for checking: ‘cmdstanr’
Flavors: r-devel-linux-x86_64-debian-clang, r-devel-linux-x86_64-debian-gcc, r-devel-linux-x86_64-fedora-clang, r-devel-linux-x86_64-fedora-gcc, r-devel-windows-x86_64, r-patched-linux-x86_64, r-release-linux-x86_64, r-release-macos-arm64, r-release-macos-x86_64, r-release-windows-x86_64, r-oldrel-macos-arm64, r-oldrel-macos-x86_64, r-oldrel-windows-x86_64