CRAN Package Check Results for Package shinydbauth

Last updated on 2024-07-21 11:56:55 CEST.

Flavor Version Tinstall Tcheck Ttotal Status Flags
r-devel-linux-x86_64-debian-clang 1.0.0.1 7.98 44.50 52.48 OK
r-devel-linux-x86_64-debian-gcc 1.0.0.1 4.84 33.57 38.41 OK
r-devel-linux-x86_64-fedora-clang 1.0.0.1 65.67 NOTE
r-devel-linux-x86_64-fedora-gcc 1.0.0.1 60.95 NOTE
r-devel-windows-x86_64 1.0.0.1 10.00 54.00 64.00 OK
r-patched-linux-x86_64 1.0.0.1 5.99 43.12 49.11 OK
r-release-linux-x86_64 1.0.0.1 6.73 41.99 48.72 OK
r-release-macos-arm64 1.0.0.1 21.00 OK
r-release-macos-x86_64 1.0.0.1 35.00 OK
r-release-windows-x86_64 1.0.0.1 8.00 54.00 62.00 OK
r-oldrel-macos-arm64 1.0.0.1 30.00 OK
r-oldrel-macos-x86_64 1.0.0.1 43.00 OK
r-oldrel-windows-x86_64 1.0.0.1 9.00 59.00 68.00 OK

Check Details

Version: 1.0.0.1
Check: dependencies in R code
Result: NOTE Namespaces in Imports field not imported from: ‘DT’ ‘billboarder’ ‘glue’ ‘scrypt’ ‘yaml’ All declared Imports should be used. Flavors: r-devel-linux-x86_64-fedora-clang, r-devel-linux-x86_64-fedora-gcc