CRAN Package Check Results for Package shinyhelper

Last updated on 2023-06-07 05:58:32 CEST.

Flavor Version Tinstall Tcheck Ttotal Status Flags
r-devel-linux-x86_64-debian-clang 0.3.2 2.19 21.60 23.79 OK
r-devel-linux-x86_64-debian-gcc 0.3.2 1.72 16.80 18.52 OK
r-devel-linux-x86_64-fedora-clang 0.3.2 30.20 NOTE
r-devel-linux-x86_64-fedora-gcc 0.3.2 28.09 NOTE
r-devel-windows-x86_64 0.3.2 4.00 39.00 43.00 OK
r-patched-linux-x86_64 0.3.2 2.28 21.09 23.37 OK
r-release-linux-x86_64 0.3.2 2.23 21.06 23.29 OK
r-release-macos-arm64 0.3.2 19.00 OK
r-release-macos-x86_64 0.3.2 20.00 OK
r-release-windows-x86_64 0.3.2 4.00 39.00 43.00 OK
r-oldrel-macos-arm64 0.3.2 14.00 NOTE
r-oldrel-macos-x86_64 0.3.2 28.00 NOTE
r-oldrel-windows-x86_64 0.3.2 4.00 42.00 46.00 OK

Check Details

Version: 0.3.2
Check: dependencies in R code
Result: NOTE
    Namespace in Imports field not imported from: ‘markdown’
     All declared Imports should be used.
Flavors: r-devel-linux-x86_64-fedora-clang, r-devel-linux-x86_64-fedora-gcc, r-oldrel-macos-arm64, r-oldrel-macos-x86_64