CRAN Package Check Results for Package shinyloadtest

Last updated on 2021-03-09 05:47:19 CET.

Flavor Version Tinstall Tcheck Ttotal Status Flags
r-devel-linux-x86_64-debian-clang 1.1.0 7.76 53.16 60.92 OK
r-devel-linux-x86_64-debian-gcc 1.1.0 6.45 39.59 46.04 OK
r-devel-linux-x86_64-fedora-clang 1.1.0 82.53 NOTE
r-devel-linux-x86_64-fedora-gcc 1.1.0 70.68 NOTE
r-devel-windows-ix86+x86_64 1.1.0 16.00 72.00 88.00 OK
r-devel-windows-x86_64-gcc10-UCRT 1.1.0 NOTE
r-patched-linux-x86_64 1.1.0 7.39 49.05 56.44 OK
r-patched-solaris-x86 1.1.0 99.70 NOTE
r-release-linux-x86_64 1.1.0 6.46 49.18 55.64 OK
r-release-macos-x86_64 1.1.0 NOTE
r-release-windows-ix86+x86_64 1.1.0 12.00 77.00 89.00 OK
r-oldrel-macos-x86_64 1.1.0 NOTE
r-oldrel-windows-ix86+x86_64 1.1.0 12.00 53.00 65.00 OK

Check Details

Version: 1.1.0
Check: dependencies in R code
Result: NOTE
    Namespaces in Imports field not imported from:
     ‘R6’ ‘scales’ ‘websocket’
     All declared Imports should be used.
Flavors: r-devel-linux-x86_64-fedora-clang, r-devel-linux-x86_64-fedora-gcc, r-devel-windows-x86_64-gcc10-UCRT, r-patched-solaris-x86, r-release-macos-x86_64, r-oldrel-macos-x86_64