CRAN Package Check Results for Package shinymanager

Last updated on 2024-07-19 06:50:27 CEST.

Flavor Version Tinstall Tcheck Ttotal Status Flags
r-devel-linux-x86_64-debian-clang 1.0.410 9.59 98.41 108.00 NOTE
r-devel-linux-x86_64-debian-gcc 1.0.410 10.63 71.31 81.94 NOTE
r-devel-linux-x86_64-fedora-clang 1.0.410 137.59 NOTE
r-devel-linux-x86_64-fedora-gcc 1.0.410 140.20 NOTE
r-devel-windows-x86_64 1.0.410 15.00 90.00 105.00 NOTE
r-patched-linux-x86_64 1.0.410 12.12 91.75 103.87 NOTE
r-release-linux-x86_64 1.0.410 13.99 92.26 106.25 NOTE
r-release-macos-arm64 1.0.410 47.00 NOTE
r-release-macos-x86_64 1.0.410 76.00 NOTE
r-release-windows-x86_64 1.0.410 12.00 92.00 104.00 NOTE
r-oldrel-macos-arm64 1.0.410 49.00 OK
r-oldrel-macos-x86_64 1.0.410 78.00 OK
r-oldrel-windows-x86_64 1.0.410 15.00 105.00 120.00 OK

Check Details

Version: 1.0.410
Check: Rd files
Result: NOTE checkRd: (-1) custom-labels.Rd:7: Lost braces; missing escapes or markup? 7 | \title{Modify {shinymanager} labels to use custom text} | ^ checkRd: (-1) use_language.Rd:5: Lost braces; missing escapes or markup? 5 | \title{Use {shinymanager} labels} | ^ Flavors: r-devel-linux-x86_64-debian-clang, r-devel-linux-x86_64-debian-gcc, r-devel-linux-x86_64-fedora-clang, r-devel-linux-x86_64-fedora-gcc, r-devel-windows-x86_64, r-patched-linux-x86_64, r-release-linux-x86_64, r-release-macos-arm64, r-release-macos-x86_64, r-release-windows-x86_64