CRAN Package Check Results for Package shinyobjects

Last updated on 2024-04-19 18:05:44 CEST.

Flavor Version Tinstall Tcheck Ttotal Status Flags
r-devel-linux-x86_64-debian-clang 0.2.0 7.97 74.64 82.61 NOTE
r-devel-linux-x86_64-debian-gcc 0.2.0 NOTE
r-devel-linux-x86_64-fedora-clang 0.2.0 106.54 NOTE
r-devel-linux-x86_64-fedora-gcc 0.2.0 107.10 NOTE
r-prerel-macos-arm64 0.2.0 39.00 NOTE
r-prerel-windows-x86_64 0.2.0 11.00 79.00 90.00 NOTE
r-patched-linux-x86_64 0.2.0 7.44 72.25 79.69 NOTE
r-release-linux-x86_64 0.2.0 4.91 71.01 75.92 NOTE
r-release-macos-arm64 0.2.0 34.00 NOTE
r-release-macos-x86_64 0.2.0 60.00 NOTE
r-release-windows-x86_64 0.2.0 10.00 89.00 99.00 NOTE
r-oldrel-macos-arm64 0.2.0 33.00 NOTE
r-oldrel-windows-x86_64 0.2.0 11.00 96.00 107.00 NOTE

Check Details

Version: 0.2.0
Check: LazyData
Result: NOTE 'LazyData' is specified without a 'data' directory Flavors: r-devel-linux-x86_64-debian-clang, r-devel-linux-x86_64-debian-gcc, r-devel-linux-x86_64-fedora-clang, r-devel-linux-x86_64-fedora-gcc, r-prerel-macos-arm64, r-prerel-windows-x86_64, r-patched-linux-x86_64, r-release-linux-x86_64, r-release-macos-arm64, r-release-macos-x86_64, r-release-windows-x86_64, r-oldrel-macos-arm64, r-oldrel-windows-x86_64

Version: 0.2.0
Check: dependencies in R code
Result: NOTE Namespace in Imports field not imported from: ‘purrr’ All declared Imports should be used. Flavors: r-devel-linux-x86_64-fedora-clang, r-devel-linux-x86_64-fedora-gcc, r-oldrel-macos-arm64