CRAN Package Check Results for Package shrinkTVP

Last updated on 2021-07-27 23:51:31 CEST.

Flavor Version Tinstall Tcheck Ttotal Status Flags
r-devel-linux-x86_64-debian-clang 2.0.2 218.48 69.88 288.36 OK
r-devel-linux-x86_64-debian-gcc 2.0.2 143.42 53.73 197.15 OK
r-devel-linux-x86_64-fedora-clang 2.0.2 412.57 NOTE
r-devel-linux-x86_64-fedora-gcc 2.0.2 364.62 OK
r-devel-windows-x86_64 2.0.2 257.00 102.00 359.00 OK
r-devel-windows-x86_64-gcc10-UCRT 2.0.2 OK
r-patched-linux-x86_64 2.0.2 178.00 67.46 245.46 OK
r-patched-solaris-x86 2.0.2 318.40 OK
r-release-linux-x86_64 2.0.2 177.45 67.44 244.89 OK
r-release-macos-arm64 2.0.2 NOTE
r-release-macos-x86_64 2.0.2 NOTE
r-release-windows-ix86+x86_64 2.0.2 500.00 106.00 606.00 OK
r-oldrel-macos-x86_64 2.0.2 NOTE
r-oldrel-windows-ix86+x86_64 2.0.2 365.00 129.00 494.00 OK

Check Details

Version: 2.0.2
Check: installed package size
Result: NOTE
     installed size is 8.0Mb
     sub-directories of 1Mb or more:
     libs 7.1Mb
Flavors: r-devel-linux-x86_64-fedora-clang, r-release-macos-arm64, r-release-macos-x86_64, r-oldrel-macos-x86_64