Last updated on 2023-03-24 23:52:20 CET.
Flavor | Version | Tinstall | Tcheck | Ttotal | Status | Flags |
---|---|---|---|---|---|---|
r-devel-linux-x86_64-debian-clang | 0.1.5 | 5.94 | 60.79 | 66.73 | OK | |
r-devel-linux-x86_64-debian-gcc | 0.1.5 | 4.70 | 46.00 | 50.70 | OK | |
r-devel-linux-x86_64-fedora-clang | 0.1.5 | 83.59 | NOTE | |||
r-devel-linux-x86_64-fedora-gcc | 0.1.5 | 79.39 | NOTE | |||
r-patched-linux-x86_64 | 0.1.5 | 6.04 | 58.42 | 64.46 | OK | |
r-release-linux-x86_64 | 0.1.5 | 4.30 | 58.00 | 62.30 | OK | |
r-release-macos-arm64 | 0.1.5 | 25.00 | NOTE | |||
r-release-macos-x86_64 | 0.1.5 | 50.00 | NOTE | |||
r-release-windows-x86_64 | 0.1.5 | 124.00 | 101.00 | 225.00 | OK | |
r-oldrel-macos-arm64 | 0.1.5 | 31.00 | NOTE | |||
r-oldrel-macos-x86_64 | 0.1.5 | 45.00 | NOTE | |||
r-oldrel-windows-ix86+x86_64 | 0.1.5 | 15.00 | 96.00 | 111.00 | OK |
Version: 0.1.5
Check: data for non-ASCII characters
Result: NOTE
Note: found 28 marked UTF-8 strings
Flavors: r-devel-linux-x86_64-fedora-clang, r-devel-linux-x86_64-fedora-gcc, r-release-macos-arm64, r-release-macos-x86_64, r-oldrel-macos-arm64, r-oldrel-macos-x86_64