CRAN Package Check Results for Package signal

Last updated on 2021-05-07 05:48:52 CEST.

Flavor Version Tinstall Tcheck Ttotal Status Flags
r-devel-linux-x86_64-debian-clang 0.7-6 7.04 42.87 49.91 OK
r-devel-linux-x86_64-debian-gcc 0.7-6 5.05 32.82 37.87 OK
r-devel-linux-x86_64-fedora-clang 0.7-6 71.16 NOTE
r-devel-linux-x86_64-fedora-gcc 0.7-6 59.65 NOTE
r-devel-windows-ix86+x86_64 0.7-6 14.00 75.00 89.00 OK
r-devel-windows-x86_64-gcc10-UCRT 0.7-6 OK
r-patched-linux-x86_64 0.7-6 7.57 41.84 49.41 OK
r-patched-solaris-x86 0.7-6 81.60 OK
r-release-linux-x86_64 0.7-6 6.45 40.51 46.96 OK
r-release-macos-x86_64 0.7-6 OK
r-release-windows-ix86+x86_64 0.7-6 13.00 57.00 70.00 OK
r-oldrel-macos-x86_64 0.7-6 OK
r-oldrel-windows-ix86+x86_64 0.7-6 14.00 54.00 68.00 OK

Check Details

Version: 0.7-6
Check: Rd cross-references
Result: NOTE
    Undeclared package ‘matlab’ in Rd xrefs
Flavor: r-devel-linux-x86_64-fedora-clang

Version: 0.7-6
Check: compiled code
Result: NOTE
    File ‘signal/libs/signal.so’:
     Found no calls to: ‘R_registerRoutines’, ‘R_useDynamicSymbols’
    
    It is good practice to register native routines and to disable symbol
    search.
    
    See ‘Writing portable packages’ in the ‘Writing R Extensions’ manual.
Flavors: r-devel-linux-x86_64-fedora-clang, r-devel-linux-x86_64-fedora-gcc