CRAN Package Check Results for Package signal

Last updated on 2020-09-28 23:49:26 CEST.

Flavor Version Tinstall Tcheck Ttotal Status Flags
r-devel-linux-x86_64-debian-clang 0.7-6 6.61 41.15 47.76 OK
r-devel-linux-x86_64-debian-gcc 0.7-6 5.35 31.30 36.65 OK
r-devel-linux-x86_64-fedora-clang 0.7-6 69.03 NOTE
r-devel-linux-x86_64-fedora-gcc 0.7-6 57.63 NOTE
r-devel-windows-ix86+x86_64 0.7-6 16.00 64.00 80.00 OK
r-patched-linux-x86_64 0.7-6 6.47 38.82 45.29 OK
r-patched-solaris-x86 0.7-6 74.50 OK
r-release-linux-x86_64 0.7-6 5.79 39.24 45.03 OK
r-release-macos-x86_64 0.7-6 OK
r-release-windows-ix86+x86_64 0.7-6 14.00 67.00 81.00 OK
r-oldrel-macos-x86_64 0.7-6 OK
r-oldrel-windows-ix86+x86_64 0.7-6 27.00 72.00 99.00 OK

Check Details

Version: 0.7-6
Check: Rd cross-references
Result: NOTE
    Undeclared package ‘matlab’ in Rd xrefs
Flavor: r-devel-linux-x86_64-fedora-clang

Version: 0.7-6
Check: compiled code
Result: NOTE
    File ‘signal/libs/signal.so’:
     Found no calls to: ‘R_registerRoutines’, ‘R_useDynamicSymbols’
    
    It is good practice to register native routines and to disable symbol
    search.
    
    See ‘Writing portable packages’ in the ‘Writing R Extensions’ manual.
Flavors: r-devel-linux-x86_64-fedora-clang, r-devel-linux-x86_64-fedora-gcc