CRAN Package Check Results for Package silicate

Last updated on 2021-04-20 17:51:02 CEST.

Flavor Version Tinstall Tcheck Ttotal Status Flags
r-devel-linux-x86_64-debian-clang 0.7.0 8.47 93.11 101.58 OK
r-devel-linux-x86_64-debian-gcc 0.7.0 6.26 70.35 76.61 OK
r-devel-linux-x86_64-fedora-clang 0.7.0 133.43 OK
r-devel-linux-x86_64-fedora-gcc 0.7.0 117.03 OK
r-devel-windows-ix86+x86_64 0.7.0 13.00 86.00 99.00 OK
r-devel-windows-x86_64-gcc10-UCRT 0.7.0 OK
r-patched-linux-x86_64 0.7.0 9.09 88.95 98.04 WARN
r-patched-solaris-x86 0.7.0 170.30 OK
r-release-linux-x86_64 0.7.0 8.40 88.27 96.67 OK
r-release-macos-x86_64 0.7.0 OK
r-release-windows-ix86+x86_64 0.7.0 17.00 97.00 114.00 OK
r-oldrel-macos-x86_64 0.7.0 OK
r-oldrel-windows-ix86+x86_64 0.7.0 11.00 96.00 107.00 OK

Check Details

Version: 0.7.0
Check: whether package can be installed
Result: WARN
    Found the following significant warnings:
     Rd warning: /tmp/RtmpBn1g5k/R.INSTALL21965fcf97ac/silicate/man/pipe.Rd:10: file link ‘%>%’ in package ‘magrittr’ does not exist and so has been treated as a topic
Flavor: r-patched-linux-x86_64