Last updated on 2024-04-23 11:55:58 CEST.
Flavor | Version | Tinstall | Tcheck | Ttotal | Status | Flags |
---|---|---|---|---|---|---|
r-devel-linux-x86_64-debian-clang | 0.1.1 | 9.94 | 97.49 | 107.43 | NOTE | |
r-devel-linux-x86_64-debian-gcc | 0.1.1 | 8.17 | 68.22 | 76.39 | NOTE | |
r-devel-linux-x86_64-fedora-clang | 0.1.1 | 135.71 | NOTE | |||
r-devel-linux-x86_64-fedora-gcc | 0.1.1 | 122.25 | NOTE | |||
r-prerel-macos-arm64 | 0.1.1 | 36.00 | NOTE | |||
r-prerel-windows-x86_64 | 0.1.1 | 11.00 | 88.00 | 99.00 | NOTE | |
r-patched-linux-x86_64 | 0.1.1 | 10.83 | 92.23 | 103.06 | NOTE | |
r-release-linux-x86_64 | 0.1.1 | 9.55 | 91.28 | 100.83 | OK | |
r-release-macos-arm64 | 0.1.1 | 35.00 | OK | |||
r-release-macos-x86_64 | 0.1.1 | 61.00 | OK | |||
r-release-windows-x86_64 | 0.1.1 | 12.00 | 104.00 | 116.00 | OK | |
r-oldrel-macos-arm64 | 0.1.1 | 38.00 | OK | |||
r-oldrel-windows-x86_64 | 0.1.1 | 13.00 | 103.00 | 116.00 | OK |
Version: 0.1.1
Check: Rd files
Result: NOTE
checkRd: (-1) sim_Y_Binary_X.Rd:51: Lost braces
51 | \item \code{dist = "binomial"} is drawn from eqn{Bin(XB, XB(1-XB))}
| ^
Flavors: r-devel-linux-x86_64-debian-clang, r-devel-linux-x86_64-debian-gcc, r-devel-linux-x86_64-fedora-clang, r-devel-linux-x86_64-fedora-gcc, r-prerel-macos-arm64, r-prerel-windows-x86_64, r-patched-linux-x86_64