Last updated on 2024-04-24 17:52:18 CEST.
Flavor | Version | Tinstall | Tcheck | Ttotal | Status | Flags |
---|---|---|---|---|---|---|
r-devel-linux-x86_64-debian-clang | 1.0.3 | 11.03 | 86.85 | 97.88 | NOTE | |
r-devel-linux-x86_64-debian-gcc | 1.0.3 | 8.20 | 63.48 | 71.68 | NOTE | |
r-devel-linux-x86_64-fedora-clang | 1.0.3 | 123.99 | NOTE | |||
r-devel-linux-x86_64-fedora-gcc | 1.0.3 | 112.13 | NOTE | |||
r-devel-windows-x86_64 | 1.0.3 | 10.00 | 92.00 | 102.00 | NOTE | |
r-patched-linux-x86_64 | 1.0.3 | 8.89 | 83.57 | 92.46 | NOTE | |
r-release-linux-x86_64 | 1.0.3 | 9.83 | 79.03 | 88.86 | OK | |
r-release-macos-arm64 | 1.0.3 | 38.00 | OK | |||
r-release-windows-x86_64 | 1.0.3 | 10.00 | 89.00 | 99.00 | NOTE | |
r-oldrel-macos-arm64 | 1.0.3 | 34.00 | OK | |||
r-oldrel-macos-x86_64 | 1.0.3 | 57.00 | OK | |||
r-oldrel-windows-x86_64 | 1.0.3 | 13.00 | 104.00 | 117.00 | OK |
Version: 1.0.3
Check: Rd files
Result: NOTE
checkRd: (-1) create_modelDF.Rd:25-38: Lost braces
25 | convert_xlsx_to_csv<-function(xlsx_file){
| ^
checkRd: (-1) create_modelDF.Rd:33-36: Lost braces
33 | for (i in Sheetnames) {
| ^
Flavors: r-devel-linux-x86_64-debian-clang, r-devel-linux-x86_64-debian-gcc, r-devel-linux-x86_64-fedora-clang, r-devel-linux-x86_64-fedora-gcc, r-devel-windows-x86_64, r-patched-linux-x86_64, r-release-windows-x86_64