Last updated on 2023-09-23 11:50:29 CEST.
Flavor | Version | Tinstall | Tcheck | Ttotal | Status | Flags |
---|---|---|---|---|---|---|
r-devel-linux-x86_64-debian-clang | 1.0.0 | 7.96 | 67.17 | 75.13 | NOTE | |
r-devel-linux-x86_64-debian-gcc | 1.0.0 | 6.75 | 52.26 | 59.01 | NOTE | |
r-devel-linux-x86_64-fedora-clang | 1.0.0 | 93.02 | NOTE | |||
r-devel-linux-x86_64-fedora-gcc | 1.0.0 | 91.64 | NOTE | |||
r-devel-windows-x86_64 | 1.0.0 | 7.00 | 63.00 | 70.00 | NOTE | |
r-patched-linux-x86_64 | 1.0.0 | 7.94 | 65.70 | 73.64 | NOTE | |
r-release-linux-x86_64 | 1.0.0 | 7.03 | 64.49 | 71.52 | NOTE | |
r-release-macos-arm64 | 1.0.0 | 33.00 | NOTE | |||
r-release-macos-x86_64 | 1.0.0 | 48.00 | NOTE | |||
r-release-windows-x86_64 | 1.0.0 | 10.00 | 79.00 | 89.00 | NOTE | |
r-oldrel-macos-arm64 | 1.0.0 | 27.00 | NOTE | |||
r-oldrel-macos-x86_64 | 1.0.0 | 41.00 | NOTE | |||
r-oldrel-windows-x86_64 | 1.0.0 | 10.00 | 79.00 | 89.00 | NOTE |
Version: 1.0.0
Check: LazyData
Result: NOTE
'LazyData' is specified without a 'data' directory
Flavors: r-devel-linux-x86_64-debian-clang, r-devel-linux-x86_64-debian-gcc, r-devel-linux-x86_64-fedora-clang, r-devel-linux-x86_64-fedora-gcc, r-devel-windows-x86_64, r-patched-linux-x86_64, r-release-linux-x86_64, r-release-macos-arm64, r-release-macos-x86_64, r-release-windows-x86_64, r-oldrel-macos-arm64, r-oldrel-macos-x86_64, r-oldrel-windows-x86_64