CRAN Package Check Results for Package simPop

Last updated on 2019-05-20 22:53:53 CEST.

Flavor Version Tinstall Tcheck Ttotal Status Flags
r-devel-linux-x86_64-debian-clang 1.1.1 91.12 165.90 257.02 OK
r-devel-linux-x86_64-debian-gcc 1.1.1 76.57 128.08 204.65 OK
r-devel-linux-x86_64-fedora-clang 1.1.1 362.71 NOTE
r-devel-linux-x86_64-fedora-gcc 1.1.1 316.45 OK
r-devel-windows-ix86+x86_64 1.1.1 245.00 357.00 602.00 OK
r-patched-linux-x86_64 1.1.1 87.35 161.44 248.79 OK
r-patched-solaris-x86 1.1.1 425.20 OK
r-release-linux-x86_64 1.1.1 87.52 162.34 249.86 OK
r-release-windows-ix86+x86_64 1.1.1 245.00 356.00 601.00 OK
r-release-osx-x86_64 1.1.1 NOTE
r-oldrel-windows-ix86+x86_64 1.1.1 165.00 224.00 389.00 OK
r-oldrel-osx-x86_64 1.1.1 NOTE

Check Details

Version: 1.1.1
Check: installed package size
Result: NOTE
     installed size is 5.7Mb
     sub-directories of 1Mb or more:
     data 2.0Mb
     libs 2.9Mb
Flavors: r-devel-linux-x86_64-fedora-clang, r-release-osx-x86_64, r-oldrel-osx-x86_64