CRAN Package Check Results for Package simPop

Last updated on 2019-03-20 17:50:05 CET.

Flavor Version Tinstall Tcheck Ttotal Status Flags
r-devel-linux-x86_64-debian-clang 1.1.1 94.60 167.54 262.14 OK
r-devel-linux-x86_64-debian-gcc 1.1.1 72.75 128.20 200.95 OK
r-devel-linux-x86_64-fedora-clang 1.1.1 347.90 NOTE
r-devel-linux-x86_64-fedora-gcc 1.1.1 323.04 OK
r-devel-windows-ix86+x86_64 1.1.1 226.00 332.00 558.00 OK
r-patched-linux-x86_64 1.1.1 84.10 155.20 239.30 OK
r-patched-solaris-x86 1.1.1 378.50 OK
r-release-linux-x86_64 1.1.1 86.67 156.52 243.19 OK
r-release-windows-ix86+x86_64 1.1.1 146.00 242.00 388.00 OK
r-release-osx-x86_64 1.1.1 NOTE
r-oldrel-windows-ix86+x86_64 1.1.1 232.00 335.00 567.00 OK
r-oldrel-osx-x86_64 1.1.1 OK

Check Details

Version: 1.1.1
Check: installed package size
Result: NOTE
     installed size is 5.9Mb
     sub-directories of 1Mb or more:
     data 2.0Mb
     libs 3.0Mb
Flavors: r-devel-linux-x86_64-fedora-clang, r-release-osx-x86_64