CRAN Package Check Results for Package simest

Last updated on 2024-07-20 17:58:25 CEST.

Flavor Version Tinstall Tcheck Ttotal Status Flags
r-devel-linux-x86_64-debian-clang 0.4 12.46 91.68 104.14 NOTE
r-devel-linux-x86_64-debian-gcc 0.4 7.72 67.52 75.24 NOTE
r-devel-linux-x86_64-fedora-clang 0.4 125.23 NOTE
r-devel-linux-x86_64-fedora-gcc 0.4 119.76 NOTE
r-devel-windows-x86_64 0.4 14.00 84.00 98.00 NOTE
r-patched-linux-x86_64 0.4 15.30 85.38 100.68 NOTE
r-release-linux-x86_64 0.4 10.82 87.06 97.88 NOTE
r-release-macos-arm64 0.4 36.00 NOTE
r-release-macos-x86_64 0.4 58.00 NOTE
r-release-windows-x86_64 0.4 14.00 84.00 98.00 NOTE
r-oldrel-macos-arm64 0.4 45.00 NOTE
r-oldrel-macos-x86_64 0.4 69.00 NOTE
r-oldrel-windows-x86_64 0.4 18.00 99.00 117.00 NOTE

Check Details

Version: 0.4
Check: LazyData
Result: NOTE 'LazyData' is specified without a 'data' directory Flavors: r-devel-linux-x86_64-debian-clang, r-devel-linux-x86_64-debian-gcc, r-devel-linux-x86_64-fedora-clang, r-devel-linux-x86_64-fedora-gcc, r-devel-windows-x86_64, r-patched-linux-x86_64, r-release-linux-x86_64, r-release-macos-arm64, r-release-macos-x86_64, r-release-windows-x86_64, r-oldrel-macos-arm64, r-oldrel-macos-x86_64, r-oldrel-windows-x86_64

Version: 0.4
Check: Rd cross-references
Result: NOTE Found the following Rd file(s) with Rd \link{} targets missing package anchors: cvx.lip.reg.Rd: nnls Please provide package anchors for all Rd \link{} targets not in the package itself and the base packages. Flavor: r-devel-windows-x86_64