CRAN Package Check Results for Package simmer

Last updated on 2022-01-26 06:50:29 CET.

Flavor Version Tinstall Tcheck Ttotal Status Flags
r-devel-linux-x86_64-debian-clang 4.4.3 137.66 115.18 252.84 OK
r-devel-linux-x86_64-debian-gcc 4.4.3 105.41 87.14 192.55 OK
r-devel-linux-x86_64-fedora-clang 4.4.3 314.95 NOTE
r-devel-linux-x86_64-fedora-gcc 4.4.3 309.18 OK
r-devel-windows-x86_64-new-UL 4.4.3 215.00 237.00 452.00 OK
r-devel-windows-x86_64-new-TK 4.4.3 OK
r-patched-linux-x86_64 4.4.3 136.69 120.15 256.84 OK
r-release-linux-x86_64 4.4.3 133.16 118.13 251.29 OK
r-release-macos-arm64 4.4.3 NOTE
r-release-macos-x86_64 4.4.3 NOTE
r-release-windows-ix86+x86_64 4.4.3 302.00 185.00 487.00 NOTE
r-oldrel-macos-x86_64 4.4.3 NOTE
r-oldrel-windows-ix86+x86_64 4.4.3 304.00 193.00 497.00 NOTE

Check Details

Version: 4.4.3
Check: installed package size
Result: NOTE
     installed size is 12.3Mb
     sub-directories of 1Mb or more:
     doc 1.7Mb
     libs 10.1Mb
Flavors: r-devel-linux-x86_64-fedora-clang, r-release-macos-arm64, r-release-macos-x86_64, r-release-windows-ix86+x86_64, r-oldrel-macos-x86_64, r-oldrel-windows-ix86+x86_64