Last updated on 2024-08-16 11:49:52 CEST.
Flavor | Version | Tinstall | Tcheck | Ttotal | Status | Flags |
---|---|---|---|---|---|---|
r-devel-linux-x86_64-debian-clang | 2021.03.10 | 3.75 | 35.02 | 38.77 | NOTE | |
r-devel-linux-x86_64-debian-gcc | 2021.03.10 | 2.96 | 26.63 | 29.59 | NOTE | |
r-devel-linux-x86_64-fedora-clang | 2021.03.10 | 61.60 | NOTE | |||
r-devel-linux-x86_64-fedora-gcc | 2021.03.10 | 58.56 | NOTE | |||
r-devel-windows-x86_64 | 2021.03.10 | 5.00 | 56.00 | 61.00 | NOTE | |
r-patched-linux-x86_64 | 2021.03.10 | 3.88 | 33.55 | 37.43 | NOTE | |
r-release-linux-x86_64 | 2021.03.10 | 3.84 | 33.81 | 37.65 | NOTE | |
r-release-macos-arm64 | 2021.03.10 | 23.00 | NOTE | |||
r-release-macos-x86_64 | 2021.03.10 | 32.00 | NOTE | |||
r-release-windows-x86_64 | 2021.03.10 | 6.00 | 55.00 | 61.00 | NOTE | |
r-oldrel-macos-arm64 | 2021.03.10 | 28.00 | NOTE | |||
r-oldrel-macos-x86_64 | 2021.03.10 | 33.00 | NOTE | |||
r-oldrel-windows-x86_64 | 2021.03.10 | 6.00 | 62.00 | 68.00 | NOTE |
Version: 2021.03.10
Check: LazyData
Result: NOTE
'LazyData' is specified without a 'data' directory
Flavors: r-devel-linux-x86_64-debian-clang, r-devel-linux-x86_64-debian-gcc, r-devel-linux-x86_64-fedora-clang, r-devel-linux-x86_64-fedora-gcc, r-devel-windows-x86_64, r-patched-linux-x86_64, r-release-linux-x86_64, r-release-macos-arm64, r-release-macos-x86_64, r-release-windows-x86_64, r-oldrel-macos-arm64, r-oldrel-macos-x86_64, r-oldrel-windows-x86_64
Version: 2021.03.10
Check: dependencies in R code
Result: NOTE
Namespace in Imports field not imported from: ‘DBI’
All declared Imports should be used.
Flavors: r-devel-linux-x86_64-fedora-clang, r-devel-linux-x86_64-fedora-gcc