Last updated on 2024-04-17 23:55:48 CEST.
Flavor | Version | Tinstall | Tcheck | Ttotal | Status | Flags |
---|---|---|---|---|---|---|
r-devel-linux-x86_64-debian-clang | 1.3 | 5.87 | 43.48 | 49.35 | OK | |
r-devel-linux-x86_64-debian-gcc | 1.3 | 5.01 | 32.34 | 37.35 | OK | |
r-devel-linux-x86_64-fedora-clang | 1.3 | 64.23 | NOTE | |||
r-devel-linux-x86_64-fedora-gcc | 1.3 | 59.29 | NOTE | |||
r-prerel-macos-arm64 | 1.3 | 21.00 | OK | |||
r-prerel-windows-x86_64 | 1.3 | 7.00 | 60.00 | 67.00 | OK | |
r-patched-linux-x86_64 | 1.3 | 6.81 | 40.50 | 47.31 | OK | |
r-release-linux-x86_64 | 1.3 | 6.26 | 39.51 | 45.77 | OK | |
r-release-macos-arm64 | 1.3 | 22.00 | OK | |||
r-release-macos-x86_64 | 1.3 | 32.00 | OK | |||
r-release-windows-x86_64 | 1.3 | 9.00 | 68.00 | 77.00 | OK | |
r-oldrel-macos-arm64 | 1.3 | 22.00 | OK | |||
r-oldrel-windows-x86_64 | 1.3 | 8.00 | 66.00 | 74.00 | OK |
Version: 1.3
Check: compiled code
Result: NOTE
File ‘simplexreg/libs/simplexreg.so’:
Found no calls to: ‘R_registerRoutines’, ‘R_useDynamicSymbols’
It is good practice to register native routines and to disable symbol
search.
See ‘Writing portable packages’ in the ‘Writing R Extensions’ manual.
Flavors: r-devel-linux-x86_64-fedora-clang, r-devel-linux-x86_64-fedora-gcc