Last updated on 2024-03-28 17:49:42 CET.
Flavor | Version | Tinstall | Tcheck | Ttotal | Status | Flags |
---|---|---|---|---|---|---|
r-devel-linux-x86_64-debian-clang | 0.2.5 | 8.42 | 78.84 | 87.26 | NOTE | --no-vignettes |
r-devel-linux-x86_64-debian-gcc | 0.2.5 | 7.29 | 60.56 | 67.85 | NOTE | --no-vignettes |
r-devel-linux-x86_64-fedora-clang | 0.2.5 | 338.67 | NOTE | |||
r-devel-linux-x86_64-fedora-gcc | 0.2.5 | 392.13 | NOTE | |||
r-devel-windows-x86_64 | 0.2.5 | 9.00 | 335.00 | 344.00 | NOTE | |
r-patched-linux-x86_64 | 0.2.5 | 8.71 | 75.57 | 84.28 | NOTE | --no-vignettes |
r-release-linux-x86_64 | 0.2.5 | 6.61 | 73.96 | 80.57 | OK | --no-vignettes |
r-release-macos-arm64 | 0.2.5 | 212.00 | OK | |||
r-release-macos-x86_64 | 0.2.5 | 352.00 | OK | |||
r-release-windows-x86_64 | 0.2.5 | 8.00 | 433.00 | 441.00 | OK | |
r-oldrel-macos-arm64 | 0.2.5 | 203.00 | OK | |||
r-oldrel-windows-x86_64 | 0.2.5 | 11.00 | 423.00 | 434.00 | OK |
Version: 0.2.5
Flags: --no-vignettes
Check: Rd files
Result: NOTE
checkRd: (-1) add_bold.Rd:15: Lost braces; missing escapes or markup?
15 | For example, in latex it would take "2" and output "{\\bf 2}"; in html
| ^
Flavors: r-devel-linux-x86_64-debian-clang, r-devel-linux-x86_64-debian-gcc, r-patched-linux-x86_64
Version: 0.2.5
Check: Rd files
Result: NOTE
checkRd: (-1) add_bold.Rd:15: Lost braces; missing escapes or markup?
15 | For example, in latex it would take "2" and output "{\\bf 2}"; in html
| ^
Flavors: r-devel-linux-x86_64-fedora-clang, r-devel-linux-x86_64-fedora-gcc, r-devel-windows-x86_64