CRAN Package Check Results for Package sirt

Last updated on 2021-09-23 17:51:31 CEST.

Flavor Version Tinstall Tcheck Ttotal Status Flags
r-devel-linux-x86_64-debian-clang 3.9-4 304.46 332.49 636.95 OK
r-devel-linux-x86_64-debian-gcc 3.9-4 197.21 242.27 439.48 OK
r-devel-linux-x86_64-fedora-clang 3.9-4 864.23 NOTE
r-devel-linux-x86_64-fedora-gcc 3.9-4 650.75 OK
r-devel-windows-x86_64 3.9-4 273.00 293.00 566.00 NOTE
r-devel-windows-x86_64-gcc10-UCRT 3.9-4 OK
r-patched-linux-x86_64 3.9-4 233.90 319.39 553.29 OK
r-patched-solaris-x86 3.9-4 740.70 OK
r-release-linux-x86_64 3.9-4 233.48 316.32 549.80 OK
r-release-macos-arm64 3.9-4 NOTE
r-release-macos-x86_64 3.9-4 NOTE
r-release-windows-ix86+x86_64 3.9-4 630.00 384.00 1014.00 NOTE
r-oldrel-macos-x86_64 3.9-4 NOTE
r-oldrel-windows-ix86+x86_64 3.9-4 455.00 369.00 824.00 NOTE

Check Details

Version: 3.9-4
Check: installed package size
Result: NOTE
     installed size is 10.5Mb
     sub-directories of 1Mb or more:
     R 1.9Mb
     libs 6.6Mb
Flavors: r-devel-linux-x86_64-fedora-clang, r-devel-windows-x86_64, r-release-macos-arm64, r-release-macos-x86_64, r-release-windows-ix86+x86_64, r-oldrel-macos-x86_64, r-oldrel-windows-ix86+x86_64