CRAN Package Check Results for Package sketchy

Last updated on 2024-07-21 11:56:55 CEST.

Flavor Version Tinstall Tcheck Ttotal Status Flags
r-devel-linux-x86_64-debian-clang 1.0.3 5.85 44.88 50.73 OK
r-devel-linux-x86_64-debian-gcc 1.0.3 4.36 34.32 38.68 OK
r-devel-linux-x86_64-fedora-clang 1.0.3 61.74 NOTE
r-devel-linux-x86_64-fedora-gcc 1.0.3 58.67 NOTE
r-devel-windows-x86_64 1.0.3 7.00 57.00 64.00 OK
r-patched-linux-x86_64 1.0.3 5.18 42.69 47.87 OK
r-release-linux-x86_64 1.0.3 5.02 43.70 48.72 OK
r-release-macos-arm64 1.0.3 25.00 OK
r-release-macos-x86_64 1.0.3 34.00 OK
r-release-windows-x86_64 1.0.3 6.00 57.00 63.00 OK
r-oldrel-macos-arm64 1.0.3 28.00 OK
r-oldrel-macos-x86_64 1.0.3 42.00 OK
r-oldrel-windows-x86_64 1.0.3 8.00 62.00 70.00 OK

Check Details

Version: 1.0.3
Check: data for non-ASCII characters
Result: NOTE Note: found 2 marked UTF-8 strings Flavors: r-devel-linux-x86_64-fedora-clang, r-devel-linux-x86_64-fedora-gcc