Last updated on 2024-08-16 11:49:52 CEST.
Flavor | Version | Tinstall | Tcheck | Ttotal | Status | Flags |
---|---|---|---|---|---|---|
r-devel-linux-x86_64-debian-clang | 1.1.0 | 24.70 | 174.76 | 199.46 | NOTE | |
r-devel-linux-x86_64-debian-gcc | 1.1.0 | 21.57 | 111.12 | 132.69 | NOTE | |
r-devel-linux-x86_64-fedora-clang | 1.1.0 | 348.24 | OK | |||
r-devel-linux-x86_64-fedora-gcc | 1.1.0 | 319.54 | OK | |||
r-devel-windows-x86_64 | 1.1.0 | 31.00 | 155.00 | 186.00 | NOTE | |
r-patched-linux-x86_64 | 1.1.0 | 40.36 | 162.53 | 202.89 | OK | |
r-release-linux-x86_64 | 1.1.0 | 30.37 | 161.21 | 191.58 | OK | |
r-release-macos-arm64 | 1.1.0 | 74.00 | OK | |||
r-release-macos-x86_64 | 1.1.0 | 113.00 | OK | |||
r-release-windows-x86_64 | 1.1.0 | 32.00 | 154.00 | 186.00 | OK | |
r-oldrel-macos-arm64 | 1.1.0 | 64.00 | OK | |||
r-oldrel-macos-x86_64 | 1.1.0 | 197.00 | OK | |||
r-oldrel-windows-x86_64 | 1.1.0 | 43.00 | 207.00 | 250.00 | OK |
Version: 1.1.0
Check: Rd cross-references
Result: NOTE
Found the following Rd file(s) with Rd \link{} targets missing package
anchors:
healy.plot.Rd: ggplot
plot.Rd: ggplot
plot.SMNCens.Rd: ggplot
plot.acfresid.Rd: ggplot
plot.mahalDist.Rd: ggplot
plot.mahalDist.SMNCens.Rd: ggplot
Please provide package anchors for all Rd \link{} targets not in the
package itself and the base packages.
Flavors: r-devel-linux-x86_64-debian-clang, r-devel-linux-x86_64-debian-gcc, r-devel-windows-x86_64