Last updated on 2024-04-20 00:04:39 CEST.
Flavor | Version | Tinstall | Tcheck | Ttotal | Status | Flags |
---|---|---|---|---|---|---|
r-devel-linux-x86_64-debian-clang | 1.0.0 | 73.84 | 60.66 | 134.50 | NOTE | |
r-devel-linux-x86_64-debian-gcc | 1.0.0 | NOTE | ||||
r-devel-linux-x86_64-fedora-clang | 1.0.0 | 196.27 | NOTE | |||
r-devel-linux-x86_64-fedora-gcc | 1.0.0 | 183.77 | NOTE | |||
r-prerel-macos-arm64 | 1.0.0 | 42.00 | NOTE | |||
r-prerel-windows-x86_64 | 1.0.0 | 64.00 | 79.00 | 143.00 | OK | |
r-patched-linux-x86_64 | 1.0.0 | 51.70 | 55.63 | 107.33 | NOTE | |
r-release-linux-x86_64 | 1.0.0 | 66.24 | 60.40 | 126.64 | NOTE | |
r-release-macos-arm64 | 1.0.0 | 50.00 | NOTE | |||
r-release-macos-x86_64 | 1.0.0 | 78.00 | NOTE | |||
r-release-windows-x86_64 | 1.0.0 | 78.00 | 96.00 | 174.00 | OK | |
r-oldrel-macos-arm64 | 1.0.0 | 47.00 | NOTE | |||
r-oldrel-windows-x86_64 | 1.0.0 | 74.00 | 97.00 | 171.00 | OK |
Version: 1.0.0
Check: C++ specification
Result: NOTE
Specified C++11: please drop specification unless essential
Flavors: r-devel-linux-x86_64-debian-clang, r-devel-linux-x86_64-debian-gcc, r-devel-linux-x86_64-fedora-clang, r-devel-linux-x86_64-fedora-gcc, r-prerel-macos-arm64, r-patched-linux-x86_64, r-release-linux-x86_64, r-release-macos-arm64, r-release-macos-x86_64
Version: 1.0.0
Check: dependencies in R code
Result: NOTE
Namespace in Imports field not imported from: ‘RcppArmadillo’
All declared Imports should be used.
Flavors: r-devel-linux-x86_64-fedora-clang, r-devel-linux-x86_64-fedora-gcc, r-oldrel-macos-arm64