Last updated on 2024-08-16 11:49:52 CEST.
Flavor | Version | Tinstall | Tcheck | Ttotal | Status | Flags |
---|---|---|---|---|---|---|
r-devel-linux-x86_64-debian-clang | 1.0.0 | 39.57 | 45.94 | 85.51 | NOTE | |
r-devel-linux-x86_64-debian-gcc | 1.0.0 | 29.09 | 34.29 | 63.38 | NOTE | |
r-devel-linux-x86_64-fedora-clang | 1.0.0 | 162.10 | NOTE | |||
r-devel-linux-x86_64-fedora-gcc | 1.0.0 | 167.85 | NOTE | |||
r-devel-windows-x86_64 | 1.0.0 | 53.00 | 81.00 | 134.00 | OK | |
r-patched-linux-x86_64 | 1.0.0 | 40.02 | 44.62 | 84.64 | NOTE | |
r-release-linux-x86_64 | 1.0.0 | 41.19 | 45.31 | 86.50 | NOTE | |
r-release-macos-arm64 | 1.0.0 | 42.00 | NOTE | |||
r-release-macos-x86_64 | 1.0.0 | 69.00 | NOTE | |||
r-release-windows-x86_64 | 1.0.0 | 52.00 | 81.00 | 133.00 | OK | |
r-oldrel-macos-arm64 | 1.0.0 | 50.00 | NOTE | |||
r-oldrel-macos-x86_64 | 1.0.0 | 78.00 | NOTE | |||
r-oldrel-windows-x86_64 | 1.0.0 | 66.00 | 101.00 | 167.00 | OK |
Version: 1.0.0
Check: C++ specification
Result: NOTE
Specified C++11: please drop specification unless essential
Flavors: r-devel-linux-x86_64-debian-clang, r-devel-linux-x86_64-debian-gcc, r-devel-linux-x86_64-fedora-clang, r-devel-linux-x86_64-fedora-gcc, r-patched-linux-x86_64, r-release-linux-x86_64, r-release-macos-arm64, r-release-macos-x86_64, r-oldrel-macos-arm64, r-oldrel-macos-x86_64
Version: 1.0.0
Check: dependencies in R code
Result: NOTE
Namespace in Imports field not imported from: ‘RcppArmadillo’
All declared Imports should be used.
Flavors: r-devel-linux-x86_64-fedora-clang, r-devel-linux-x86_64-fedora-gcc