CRAN Package Check Results for Package slickR

Last updated on 2024-06-23 00:56:49 CEST.

Flavor Version Tinstall Tcheck Ttotal Status Flags
r-devel-linux-x86_64-debian-clang 0.6.0 5.21 65.25 70.46 NOTE
r-devel-linux-x86_64-debian-gcc 0.6.0 2.98 51.46 54.44 NOTE
r-devel-linux-x86_64-fedora-clang 0.6.0 88.91 NOTE
r-devel-linux-x86_64-fedora-gcc 0.6.0 100.44 NOTE
r-devel-windows-x86_64 0.6.0 6.00 78.00 84.00 NOTE
r-patched-linux-x86_64 0.6.0 5.14 65.38 70.52 NOTE
r-release-linux-x86_64 0.6.0 4.52 64.25 68.77 NOTE
r-release-macos-arm64 0.6.0 45.00 NOTE
r-release-macos-x86_64 0.6.0 64.00 NOTE
r-release-windows-x86_64 0.6.0 6.00 78.00 84.00 NOTE
r-oldrel-macos-arm64 0.6.0 50.00 OK
r-oldrel-macos-x86_64 0.6.0 67.00 OK
r-oldrel-windows-x86_64 0.6.0 7.00 87.00 94.00 OK

Check Details

Version: 0.6.0
Check: Rd files
Result: NOTE checkRd: (-1) nba_team_logo.Rd:22: Lost braces; missing escapes or markup? 22 | https://i.cdn.turner.com/nba/nba/.element/img/4.0/global/logos/512x512/bg.white/svg/{team_short_name}.svg | ^ Flavors: r-devel-linux-x86_64-debian-clang, r-devel-linux-x86_64-debian-gcc, r-devel-linux-x86_64-fedora-clang, r-devel-linux-x86_64-fedora-gcc, r-devel-windows-x86_64, r-patched-linux-x86_64, r-release-linux-x86_64, r-release-macos-arm64, r-release-macos-x86_64, r-release-windows-x86_64