Last updated on 2024-08-16 11:49:52 CEST.
Flavor | Version | Tinstall | Tcheck | Ttotal | Status | Flags |
---|---|---|---|---|---|---|
r-devel-linux-x86_64-debian-clang | 0.3.1 | 9.08 | 93.80 | 102.88 | NOTE | |
r-devel-linux-x86_64-debian-gcc | 0.3.1 | 5.61 | 62.87 | 68.48 | NOTE | |
r-devel-linux-x86_64-fedora-clang | 0.3.1 | 169.50 | NOTE | |||
r-devel-linux-x86_64-fedora-gcc | 0.3.1 | 174.52 | NOTE | |||
r-devel-windows-x86_64 | 0.3.1 | 16.00 | 112.00 | 128.00 | NOTE | |
r-patched-linux-x86_64 | 0.3.1 | 9.25 | 85.26 | 94.51 | OK | |
r-release-linux-x86_64 | 0.3.1 | 7.86 | 89.27 | 97.13 | OK | |
r-release-macos-arm64 | 0.3.1 | 55.00 | OK | |||
r-release-macos-x86_64 | 0.3.1 | 102.00 | OK | |||
r-release-windows-x86_64 | 0.3.1 | 17.00 | 114.00 | 131.00 | OK | |
r-oldrel-macos-arm64 | 0.3.1 | 60.00 | OK | |||
r-oldrel-macos-x86_64 | 0.3.1 | 146.00 | OK | |||
r-oldrel-windows-x86_64 | 0.3.1 | 18.00 | 137.00 | 155.00 | OK |
Version: 0.3.1
Check: compiled code
Result: NOTE
File ‘slider/libs/slider.so’:
Found non-API call to R: ‘STRING_PTR’
Compiled code should not call non-API entry points in R.
See ‘Writing portable packages’ in the ‘Writing R Extensions’ manual,
and section ‘Moving into C API compliance’ for issues with the use of
non-API entry points.
Flavors: r-devel-linux-x86_64-debian-clang, r-devel-linux-x86_64-debian-gcc, r-devel-linux-x86_64-fedora-clang, r-devel-linux-x86_64-fedora-gcc
Version: 0.3.1
Check: compiled code
Result: NOTE
File 'slider/libs/x64/slider.dll':
Found non-API call to R: 'STRING_PTR'
Compiled code should not call non-API entry points in R.
See 'Writing portable packages' in the 'Writing R Extensions' manual,
and section 'Moving into C API compliance' for issues with the use of
non-API entry points.
Flavor: r-devel-windows-x86_64