Last updated on 2023-02-01 06:56:26 CET.
Flavor | Version | Tinstall | Tcheck | Ttotal | Status | Flags |
---|---|---|---|---|---|---|
r-devel-linux-x86_64-debian-clang | 0.3.0 | 12.46 | 115.75 | 128.21 | NOTE | |
r-devel-linux-x86_64-debian-gcc | 0.3.0 | 8.13 | 84.85 | 92.98 | NOTE | |
r-devel-linux-x86_64-fedora-clang | 0.3.0 | 147.67 | NOTE | |||
r-devel-linux-x86_64-fedora-gcc | 0.3.0 | 167.62 | NOTE | |||
r-devel-windows-x86_64 | 0.3.0 | 56.00 | 155.00 | 211.00 | NOTE | |
r-patched-linux-x86_64 | 0.3.0 | 9.80 | 106.21 | 116.01 | OK | |
r-release-linux-x86_64 | 0.3.0 | 9.72 | 104.29 | 114.01 | OK | |
r-release-macos-arm64 | 0.3.0 | 50.00 | OK | |||
r-release-macos-x86_64 | 0.3.0 | 67.00 | OK | |||
r-release-windows-x86_64 | 0.3.0 | 58.00 | 151.00 | 209.00 | OK | |
r-oldrel-macos-arm64 | 0.3.0 | 53.00 | OK | |||
r-oldrel-macos-x86_64 | 0.3.0 | 66.00 | OK | |||
r-oldrel-windows-ix86+x86_64 | 0.3.0 | 33.00 | 212.00 | 245.00 | OK |
Version: 0.3.0
Check: C++ specification
Result: NOTE
Specified C++11: please update to current default of C++17
Flavors: r-devel-linux-x86_64-debian-clang, r-devel-linux-x86_64-debian-gcc, r-devel-linux-x86_64-fedora-clang, r-devel-linux-x86_64-fedora-gcc, r-devel-windows-x86_64