Last updated on 2022-07-03 05:50:02 CEST.
Flavor | Version | Tinstall | Tcheck | Ttotal | Status | Flags |
---|---|---|---|---|---|---|
r-devel-linux-x86_64-debian-clang | 0.3.1 | 1.71 | 52.35 | 54.06 | NOTE | |
r-devel-linux-x86_64-debian-gcc | 0.3.1 | 2.09 | 39.27 | 41.36 | NOTE | |
r-devel-linux-x86_64-fedora-clang | 0.3.1 | 74.26 | NOTE | |||
r-devel-linux-x86_64-fedora-gcc | 0.3.1 | 72.94 | NOTE | |||
r-devel-windows-x86_64 | 0.3.1 | 29.00 | 87.00 | 116.00 | NOTE | |
r-patched-linux-x86_64 | 0.3.1 | 2.48 | 51.80 | 54.28 | NOTE | |
r-release-linux-x86_64 | 0.3.1 | 2.53 | 50.88 | 53.41 | NOTE | |
r-release-macos-arm64 | 0.3.1 | 25.00 | NOTE | |||
r-release-macos-x86_64 | 0.3.1 | 37.00 | NOTE | |||
r-release-windows-x86_64 | 0.3.1 | 38.00 | 85.00 | 123.00 | NOTE | |
r-oldrel-macos-arm64 | 0.3.1 | 28.00 | NOTE | |||
r-oldrel-macos-x86_64 | 0.3.1 | 37.00 | NOTE | |||
r-oldrel-windows-ix86+x86_64 | 0.3.1 | 6.00 | 80.00 | 86.00 | NOTE |
Version: 0.3.1
Check: LazyData
Result: NOTE
'LazyData' is specified without a 'data' directory
Flavors: r-devel-linux-x86_64-debian-clang, r-devel-linux-x86_64-debian-gcc, r-devel-linux-x86_64-fedora-clang, r-devel-linux-x86_64-fedora-gcc, r-devel-windows-x86_64, r-patched-linux-x86_64, r-release-linux-x86_64, r-release-macos-arm64, r-release-macos-x86_64, r-release-windows-x86_64, r-oldrel-macos-arm64, r-oldrel-macos-x86_64, r-oldrel-windows-ix86+x86_64