CRAN Package Check Results for Package sloop

Last updated on 2021-10-27 23:50:40 CEST.

Flavor Version Tinstall Tcheck Ttotal Status Flags
r-devel-linux-x86_64-debian-clang 1.0.1 2.39 27.50 29.89 NOTE
r-devel-linux-x86_64-debian-gcc 1.0.1 1.95 22.11 24.06 NOTE
r-devel-linux-x86_64-fedora-clang 1.0.1 47.99 NOTE
r-devel-linux-x86_64-fedora-gcc 1.0.1 37.37 NOTE
r-devel-windows-x86_64 1.0.1 4.00 35.00 39.00 NOTE
r-devel-windows-x86_64-gcc10-UCRT 1.0.1 NOTE
r-patched-linux-x86_64 1.0.1 2.27 26.84 29.11 NOTE
r-patched-solaris-x86 1.0.1 57.30 NOTE
r-release-linux-x86_64 1.0.1 1.96 27.40 29.36 NOTE
r-release-macos-arm64 1.0.1 NOTE
r-release-macos-x86_64 1.0.1 NOTE
r-release-windows-ix86+x86_64 1.0.1 5.00 49.00 54.00 NOTE
r-oldrel-macos-x86_64 1.0.1 OK
r-oldrel-windows-ix86+x86_64 1.0.1 4.00 40.00 44.00 OK

Check Details

Version: 1.0.1
Check: LazyData
Result: NOTE
     'LazyData' is specified without a 'data' directory
Flavors: r-devel-linux-x86_64-debian-clang, r-devel-linux-x86_64-debian-gcc, r-devel-linux-x86_64-fedora-clang, r-devel-linux-x86_64-fedora-gcc, r-devel-windows-x86_64, r-devel-windows-x86_64-gcc10-UCRT, r-patched-linux-x86_64, r-patched-solaris-x86, r-release-linux-x86_64, r-release-macos-arm64, r-release-macos-x86_64, r-release-windows-ix86+x86_64