Last updated on 2024-08-16 11:49:52 CEST.
Flavor | Version | Tinstall | Tcheck | Ttotal | Status | Flags |
---|---|---|---|---|---|---|
r-devel-linux-x86_64-debian-clang | 0.1.2 | 41.52 | 22.76 | 64.28 | OK | |
r-devel-linux-x86_64-debian-gcc | 0.1.2 | 32.31 | 18.36 | 50.67 | OK | |
r-devel-linux-x86_64-fedora-clang | 0.1.2 | 120.20 | OK | |||
r-devel-linux-x86_64-fedora-gcc | 0.1.2 | 130.39 | OK | |||
r-devel-windows-x86_64 | 0.1.2 | 50.00 | 60.00 | 110.00 | OK | |
r-patched-linux-x86_64 | 0.1.2 | 41.24 | 22.14 | 63.38 | OK | |
r-release-linux-x86_64 | 0.1.2 | 41.82 | 21.84 | 63.66 | OK | |
r-release-macos-arm64 | 0.1.2 | 40.00 | NOTE | |||
r-release-macos-x86_64 | 0.1.2 | 58.00 | NOTE | |||
r-release-windows-x86_64 | 0.1.2 | 47.00 | 65.00 | 112.00 | OK | |
r-oldrel-macos-arm64 | 0.1.2 | 50.00 | NOTE | |||
r-oldrel-macos-x86_64 | 0.1.2 | 95.00 | NOTE | |||
r-oldrel-windows-x86_64 | 0.1.2 | 46.00 | 69.00 | 115.00 | OK |
Version: 0.1.2
Check: installed package size
Result: NOTE
installed size is 7.2Mb
sub-directories of 1Mb or more:
libs 7.0Mb
Flavors: r-release-macos-arm64, r-release-macos-x86_64, r-oldrel-macos-arm64, r-oldrel-macos-x86_64