CRAN Package Check Results for Package smd

Last updated on 2023-12-03 17:53:51 CET.

Flavor Version Tinstall Tcheck Ttotal Status Flags
r-devel-linux-x86_64-debian-clang 0.6.6 2.61 33.49 36.10 NOTE
r-devel-linux-x86_64-debian-gcc 0.6.6 2.16 25.80 27.96 NOTE
r-devel-linux-x86_64-fedora-clang 0.6.6 47.06 NOTE
r-devel-linux-x86_64-fedora-gcc 0.6.6 54.94 NOTE
r-devel-windows-x86_64 0.6.6 3.00 49.00 52.00 NOTE
r-patched-linux-x86_64 0.6.6 2.76 30.05 32.81 NOTE
r-release-linux-x86_64 0.6.6 2.26 30.24 32.50 NOTE
r-release-macos-arm64 0.6.6 26.00 NOTE
r-release-macos-x86_64 0.6.6 35.00 NOTE
r-release-windows-x86_64 0.6.6 3.00 49.00 52.00 NOTE
r-oldrel-macos-arm64 0.6.6 23.00 NOTE
r-oldrel-macos-x86_64 0.6.6 26.00 NOTE
r-oldrel-windows-x86_64 0.6.6 4.00 52.00 56.00 NOTE

Check Details

Version: 0.6.6
Check: LazyData
Result: NOTE 'LazyData' is specified without a 'data' directory Flavors: r-devel-linux-x86_64-debian-clang, r-devel-linux-x86_64-debian-gcc, r-devel-linux-x86_64-fedora-clang, r-devel-linux-x86_64-fedora-gcc, r-devel-windows-x86_64, r-patched-linux-x86_64, r-release-linux-x86_64, r-release-macos-arm64, r-release-macos-x86_64, r-release-windows-x86_64, r-oldrel-macos-arm64, r-oldrel-macos-x86_64, r-oldrel-windows-x86_64

Version: 0.6.6
Check: dependencies in R code
Result: NOTE Namespace in Imports field not imported from: ‘methods’ All declared Imports should be used. Flavors: r-devel-linux-x86_64-fedora-clang, r-devel-linux-x86_64-fedora-gcc, r-oldrel-macos-x86_64