CRAN Package Check Results for Package smdi

Last updated on 2024-04-21 17:56:45 CEST.

Flavor Version Tinstall Tcheck Ttotal Status Flags
r-devel-linux-x86_64-debian-clang 0.2.2 14.61 581.33 595.94 NOTE
r-devel-linux-x86_64-debian-gcc 0.2.2 11.09 421.54 432.63 NOTE
r-devel-linux-x86_64-fedora-clang 0.2.2 746.33 NOTE
r-devel-linux-x86_64-fedora-gcc 0.2.2 720.60 NOTE
r-prerel-macos-arm64 0.2.2 264.00 NOTE
r-prerel-windows-x86_64 0.2.2 16.00 449.00 465.00 NOTE
r-patched-linux-x86_64 0.2.2 19.41 526.24 545.65 NOTE
r-release-linux-x86_64 0.2.2 14.46 551.03 565.49 OK
r-release-macos-arm64 0.2.2 186.00 OK
r-release-macos-x86_64 0.2.2 266.00 OK
r-release-windows-x86_64 0.2.2 21.00 538.00 559.00 OK
r-oldrel-macos-arm64 0.2.2 167.00 OK
r-oldrel-windows-x86_64 0.2.2 21.00 545.00 566.00 OK

Check Details

Version: 0.2.2
Check: Rd files
Result: NOTE checkRd: (-1) smdi_diagnose.Rd:49: Lost braces; missing escapes or markup? 49 | \item asmd_{mean/median}: average/median absolute standardized mean difference (and min, max) of patient characteristics between those without (1) and with (0) observed covariate | ^ Flavors: r-devel-linux-x86_64-debian-clang, r-devel-linux-x86_64-debian-gcc, r-devel-linux-x86_64-fedora-clang, r-devel-linux-x86_64-fedora-gcc, r-prerel-macos-arm64, r-prerel-windows-x86_64, r-patched-linux-x86_64