Last updated on 2023-03-29 11:52:28 CEST.
Flavor | Version | Tinstall | Tcheck | Ttotal | Status | Flags |
---|---|---|---|---|---|---|
r-devel-linux-x86_64-debian-clang | 1.1.3 | 60.53 | 84.23 | 144.76 | NOTE | |
r-devel-linux-x86_64-debian-gcc | 1.1.3 | 50.74 | 63.01 | 113.75 | NOTE | |
r-devel-linux-x86_64-fedora-clang | 1.1.3 | 204.22 | NOTE | |||
r-devel-linux-x86_64-fedora-gcc | 1.1.3 | 188.83 | NOTE | |||
r-patched-linux-x86_64 | 1.1.3 | 51.33 | 79.97 | 131.30 | NOTE | |
r-release-linux-x86_64 | 1.1.3 | 55.81 | 74.67 | 130.48 | OK | |
r-release-macos-arm64 | 1.1.3 | 54.00 | OK | |||
r-release-macos-x86_64 | 1.1.3 | 71.00 | OK | |||
r-release-windows-x86_64 | 1.1.3 | 70.00 | 155.00 | 225.00 | OK | |
r-oldrel-macos-arm64 | 1.1.3 | 62.00 | OK | |||
r-oldrel-macos-x86_64 | 1.1.3 | 69.00 | OK | |||
r-oldrel-windows-ix86+x86_64 | 1.1.3 | 146.00 | 205.00 | 351.00 | OK |
Version: 1.1.3
Check: C++ specification
Result: NOTE
Specified C++11: please drop specification unless essential
Flavors: r-devel-linux-x86_64-debian-clang, r-devel-linux-x86_64-debian-gcc, r-devel-linux-x86_64-fedora-clang, r-devel-linux-x86_64-fedora-gcc, r-patched-linux-x86_64