CRAN Package Check Results for Package sna

Last updated on 2021-05-08 23:48:09 CEST.

Flavor Version Tinstall Tcheck Ttotal Status Flags
r-devel-linux-x86_64-debian-clang 2.6 26.26 148.87 175.13 OK
r-devel-linux-x86_64-debian-gcc 2.6 20.70 106.34 127.04 OK
r-devel-linux-x86_64-fedora-clang 2.6 219.39 OK
r-devel-linux-x86_64-fedora-gcc 2.6 201.71 OK
r-devel-windows-ix86+x86_64 2.6 44.00 5.00 49.00 ERROR
r-devel-windows-x86_64-gcc10-UCRT 2.6 OK
r-patched-linux-x86_64 2.6 28.63 137.94 166.57 OK
r-patched-solaris-x86 2.6 242.60 OK
r-release-linux-x86_64 2.6 23.65 133.79 157.44 OK
r-release-macos-x86_64 2.6 OK
r-release-windows-ix86+x86_64 2.6 47.00 169.00 216.00 OK
r-oldrel-macos-x86_64 2.6 OK
r-oldrel-windows-ix86+x86_64 2.6 53.00 161.00 214.00 OK

Check Details

Version: 2.6
Check: whether package can be installed
Result: ERROR
    Installation failed.
Flavor: r-devel-windows-ix86+x86_64