CRAN Package Check Results for Package sna

Last updated on 2020-09-30 17:51:08 CEST.

Flavor Version Tinstall Tcheck Ttotal Status Flags
r-devel-linux-x86_64-debian-clang 2.5 26.25 142.10 168.35 NOTE
r-devel-linux-x86_64-debian-gcc 2.5 20.11 100.47 120.58 NOTE
r-devel-linux-x86_64-fedora-clang 2.5 212.88 NOTE
r-devel-linux-x86_64-fedora-gcc 2.5 214.61 NOTE
r-devel-windows-ix86+x86_64 2.5 49.00 158.00 207.00 OK
r-patched-linux-x86_64 2.5 26.29 126.16 152.45 OK
r-patched-solaris-x86 2.5 230.80 OK
r-release-linux-x86_64 2.5 25.99 128.05 154.04 OK
r-release-macos-x86_64 2.5 OK
r-release-windows-ix86+x86_64 2.5 57.00 203.00 260.00 OK
r-oldrel-macos-x86_64 2.5 NOTE
r-oldrel-windows-ix86+x86_64 2.5 52.00 211.00 263.00 OK

Check Details

Version: 2.5
Check: R code for possible problems
Result: NOTE
    Possibly missing '()' after 'return' in the following functions:
     'gplot.arrow' 'gplot.loop'
Flavors: r-devel-linux-x86_64-debian-clang, r-devel-linux-x86_64-debian-gcc, r-devel-linux-x86_64-fedora-clang, r-devel-linux-x86_64-fedora-gcc

Version: 2.5
Check: dependencies in R code
Result: NOTE
    No protocol specified
Flavor: r-oldrel-macos-x86_64