Last updated on 2023-12-11 12:52:26 CET.
Flavor | Version | Tinstall | Tcheck | Ttotal | Status | Flags |
---|---|---|---|---|---|---|
r-devel-linux-x86_64-debian-clang | 1.6-1 | 2.91 | 19.85 | 22.76 | OK | |
r-devel-linux-x86_64-debian-gcc | 1.6-1 | 2.19 | 18.00 | 20.19 | OK | |
r-devel-linux-x86_64-fedora-clang | 1.6-1 | 44.56 | OK | |||
r-devel-linux-x86_64-fedora-gcc | 1.6-1 | 42.88 | OK | |||
r-devel-windows-x86_64 | 1.6-1 | 4.00 | 58.00 | 62.00 | OK | |
r-patched-linux-x86_64 | 1.6-1 | 3.25 | 20.16 | 23.41 | OK | |
r-release-linux-x86_64 | 1.6-1 | 2.16 | 20.35 | 22.51 | OK | |
r-release-macos-arm64 | 1.6-1 | 25.00 | NOTE | |||
r-release-macos-x86_64 | 1.6-1 | 51.00 | NOTE | |||
r-release-windows-x86_64 | 1.6-1 | 3.00 | 58.00 | 61.00 | OK | |
r-oldrel-macos-arm64 | 1.6-1 | 29.00 | NOTE | |||
r-oldrel-macos-x86_64 | 1.6-1 | 43.00 | NOTE | |||
r-oldrel-windows-x86_64 | 1.6-1 | 4.00 | 56.00 | 60.00 | OK |
Version: 1.6-1
Check: package dependencies
Result: NOTE
Package suggested but not available for checking: ‘Rmpi’
Flavors: r-release-macos-arm64, r-release-macos-x86_64, r-oldrel-macos-arm64, r-oldrel-macos-x86_64