CRAN Package Check Results for Package sodium

Last updated on 2021-01-26 05:48:30 CET.

Flavor Version Tinstall Tcheck Ttotal Status Flags
r-devel-linux-x86_64-debian-clang 1.1 4.56 26.21 30.77 OK
r-devel-linux-x86_64-debian-gcc 1.1 3.19 20.81 24.00 OK
r-devel-linux-x86_64-fedora-clang 1.1 46.92 NOTE
r-devel-linux-x86_64-fedora-gcc 1.1 38.35 NOTE
r-devel-windows-ix86+x86_64 1.1 20.00 53.00 73.00 OK
r-patched-linux-x86_64 1.1 3.48 25.36 28.84 OK
r-patched-solaris-x86 1.1 54.90 OK
r-release-linux-x86_64 1.1 3.91 25.74 29.65 OK
r-release-macos-x86_64 1.1 OK
r-release-windows-ix86+x86_64 1.1 21.00 41.00 62.00 OK
r-oldrel-macos-x86_64 1.1 OK
r-oldrel-windows-ix86+x86_64 1.1 16.00 58.00 74.00 OK

Check Details

Version: 1.1
Check: top-level files
Result: NOTE
    ‘configure’: /bin/bash is not portable
Flavors: r-devel-linux-x86_64-fedora-clang, r-devel-linux-x86_64-fedora-gcc