CRAN Package Check Results for Package sommer

Last updated on 2021-10-16 05:51:38 CEST.

Flavor Version Tinstall Tcheck Ttotal Status Flags
r-devel-linux-x86_64-debian-clang 4.1.4 80.53 144.01 224.54 OK --no-vignettes
r-devel-linux-x86_64-debian-gcc 4.1.4 63.72 111.25 174.97 OK --no-vignettes
r-devel-linux-x86_64-fedora-clang 4.1.4 328.08 NOTE --no-vignettes
r-devel-linux-x86_64-fedora-gcc 4.1.4 293.73 OK --no-vignettes
r-devel-windows-x86_64 4.1.4 77.00 134.00 211.00 NOTE --no-vignettes
r-devel-windows-x86_64-gcc10-UCRT 4.1.4 OK
r-patched-linux-x86_64 4.1.4 73.35 139.47 212.82 OK --no-vignettes
r-patched-solaris-x86 4.1.4 319.70 NOTE --no-vignettes
r-release-linux-x86_64 4.1.4 75.85 140.20 216.05 OK --no-vignettes
r-release-macos-arm64 4.1.4 NOTE
r-release-macos-x86_64 4.1.4 NOTE
r-release-windows-ix86+x86_64 4.1.4 181.00 233.00 414.00 NOTE --no-vignettes
r-oldrel-macos-x86_64 4.1.4 NOTE
r-oldrel-windows-ix86+x86_64 4.1.4 181.00 236.00 417.00 NOTE --no-vignettes

Check Details

Version: 4.1.4
Flags: --no-vignettes
Check: installed package size
Result: NOTE
     installed size is 10.7Mb
     sub-directories of 1Mb or more:
     data 1.5Mb
     doc 2.2Mb
     libs 6.2Mb
Flavors: r-devel-linux-x86_64-fedora-clang, r-devel-windows-x86_64, r-patched-solaris-x86, r-release-windows-ix86+x86_64, r-oldrel-windows-ix86+x86_64

Version: 4.1.4
Check: installed package size
Result: NOTE
     installed size is 12.9Mb
     sub-directories of 1Mb or more:
     data 1.4Mb
     doc 2.2Mb
     libs 8.4Mb
Flavors: r-release-macos-arm64, r-release-macos-x86_64, r-oldrel-macos-x86_64