Last updated on 2024-04-20 00:04:39 CEST.
Flavor | Version | Tinstall | Tcheck | Ttotal | Status | Flags |
---|---|---|---|---|---|---|
r-devel-linux-x86_64-debian-clang | 1.0.4 | 4.17 | 22.56 | 26.73 | OK | |
r-devel-linux-x86_64-debian-gcc | 1.0.4 | OK | ||||
r-devel-linux-x86_64-fedora-clang | 1.0.4 | 35.52 | NOTE | |||
r-devel-linux-x86_64-fedora-gcc | 1.0.4 | 33.11 | NOTE | |||
r-prerel-macos-arm64 | 1.0.4 | 17.00 | OK | |||
r-prerel-windows-x86_64 | 1.0.4 | 4.00 | 39.00 | 43.00 | OK | |
r-patched-linux-x86_64 | 1.0.4 | 3.85 | 22.54 | 26.39 | OK | |
r-release-linux-x86_64 | 1.0.4 | 5.09 | 22.62 | 27.71 | OK | |
r-release-macos-arm64 | 1.0.4 | 16.00 | OK | |||
r-release-macos-x86_64 | 1.0.4 | 25.00 | OK | |||
r-release-windows-x86_64 | 1.0.4 | 7.00 | 39.00 | 46.00 | OK | |
r-oldrel-macos-arm64 | 1.0.4 | 16.00 | OK | |||
r-oldrel-windows-x86_64 | 1.0.4 | 8.00 | 50.00 | 58.00 | OK |
Version: 1.0.4
Check: data for non-ASCII characters
Result: NOTE
Note: found 4 marked UTF-8 strings
Flavors: r-devel-linux-x86_64-fedora-clang, r-devel-linux-x86_64-fedora-gcc