Last updated on 2019-02-21 00:00:15 CET.
Flavor | Version | Tinstall | Tcheck | Ttotal | Status | Flags |
---|---|---|---|---|---|---|
r-devel-linux-x86_64-debian-clang | 0.4-1 | 41.04 | 50.20 | 91.24 | OK | |
r-devel-linux-x86_64-debian-gcc | 0.4-1 | 32.94 | 38.66 | 71.60 | OK | |
r-devel-linux-x86_64-fedora-clang | 0.4-1 | 132.05 | OK | |||
r-devel-linux-x86_64-fedora-gcc | 0.4-1 | 123.18 | OK | |||
r-devel-windows-ix86+x86_64 | 0.4-1 | 123.00 | 66.00 | 189.00 | OK | |
r-patched-linux-x86_64 | 0.4-1 | OK | ||||
r-patched-solaris-x86 | 0.4-1 | 139.50 | NOTE | |||
r-release-linux-x86_64 | 0.4-1 | OK | ||||
r-release-windows-ix86+x86_64 | 0.4-1 | 80.00 | 97.00 | 177.00 | OK | |
r-release-osx-x86_64 | 0.4-1 | OK | ||||
r-oldrel-windows-ix86+x86_64 | 0.4-1 | 76.00 | 87.00 | 163.00 | OK | |
r-oldrel-osx-x86_64 | 0.4-1 | OK |
Version: 0.4-1
Check: package dependencies
Result: NOTE
Package suggested but not available for checking: ‘geoR’
Flavor: r-patched-solaris-x86