CRAN Package Check Results for Package spCP

Last updated on 2024-02-22 00:58:43 CET.

Flavor Version Tinstall Tcheck Ttotal Status Flags
r-devel-linux-x86_64-debian-clang 1.3 OK
r-devel-linux-x86_64-debian-gcc 1.3 208.70 234.69 443.39 OK
r-devel-linux-x86_64-fedora-clang 1.3 778.17 OK
r-devel-linux-x86_64-fedora-gcc 1.3 788.79 OK
r-devel-windows-x86_64 1.3 204.00 275.00 479.00 OK
r-patched-linux-x86_64 1.3 258.25 296.48 554.73 OK
r-release-linux-x86_64 1.3 260.40 290.21 550.61 OK
r-release-macos-arm64 1.3 267.00 NOTE
r-release-macos-x86_64 1.3 366.00 NOTE
r-release-windows-x86_64 1.3 261.00 362.00 623.00 OK
r-oldrel-macos-arm64 1.3 221.00 NOTE
r-oldrel-windows-x86_64 1.3 248.00 321.00 569.00 OK

Check Details

Version: 1.3
Check: installed package size
Result: NOTE installed size is 9.3Mb sub-directories of 1Mb or more: libs 8.7Mb Flavors: r-release-macos-arm64, r-release-macos-x86_64, r-oldrel-macos-arm64