Last updated on 2023-10-01 17:56:37 CEST.
Flavor | Version | Tinstall | Tcheck | Ttotal | Status | Flags |
---|---|---|---|---|---|---|
r-devel-linux-x86_64-debian-clang | 1.3 | 280.06 | 295.74 | 575.80 | OK | |
r-devel-linux-x86_64-debian-gcc | 1.3 | 200.95 | 240.09 | 441.04 | OK | |
r-devel-linux-x86_64-fedora-clang | 1.3 | 794.03 | OK | |||
r-devel-linux-x86_64-fedora-gcc | 1.3 | 805.11 | OK | |||
r-devel-windows-x86_64 | 1.3 | 201.00 | 295.00 | 496.00 | OK | |
r-patched-linux-x86_64 | 1.3 | 250.20 | 288.06 | 538.26 | OK | |
r-release-linux-x86_64 | 1.3 | 265.36 | 294.69 | 560.05 | OK | |
r-release-macos-arm64 | 1.3 | 267.00 | NOTE | |||
r-release-macos-x86_64 | 1.3 | 366.00 | NOTE | |||
r-release-windows-x86_64 | 1.3 | 261.00 | 369.00 | 630.00 | OK | |
r-oldrel-macos-arm64 | 1.3 | 221.00 | NOTE | |||
r-oldrel-macos-x86_64 | 1.3 | 233.00 | NOTE | |||
r-oldrel-windows-x86_64 | 1.3 | 242.00 | 324.00 | 566.00 | OK |
Version: 1.3
Check: installed package size
Result: NOTE
installed size is 9.3Mb
sub-directories of 1Mb or more:
libs 8.7Mb
Flavors: r-release-macos-arm64, r-release-macos-x86_64, r-oldrel-macos-arm64, r-oldrel-macos-x86_64