Last updated on 2023-06-03 23:59:07 CEST.
Flavor | Version | Tinstall | Tcheck | Ttotal | Status | Flags |
---|---|---|---|---|---|---|
r-devel-linux-x86_64-debian-clang | 0.2.2 | 85.06 | 124.24 | 209.30 | OK | |
r-devel-linux-x86_64-debian-gcc | 0.2.2 | 68.04 | 97.31 | 165.35 | OK | |
r-devel-linux-x86_64-fedora-clang | 0.2.2 | 276.23 | OK | |||
r-devel-linux-x86_64-fedora-gcc | 0.2.2 | 281.70 | OK | |||
r-devel-windows-x86_64 | 0.2.2 | 65.00 | 125.00 | 190.00 | OK | |
r-patched-linux-x86_64 | 0.2.2 | OK | ||||
r-release-linux-x86_64 | 0.2.2 | 77.37 | 121.40 | 198.77 | OK | |
r-release-macos-arm64 | 0.2.2 | 80.00 | NOTE | |||
r-release-macos-x86_64 | 0.2.2 | 133.00 | NOTE | |||
r-release-windows-x86_64 | 0.2.2 | 81.00 | 156.00 | 237.00 | OK | |
r-oldrel-macos-arm64 | 0.2.2 | 113.00 | NOTE | |||
r-oldrel-macos-x86_64 | 0.2.2 | 162.00 | NOTE | |||
r-oldrel-windows-x86_64 | 0.2.2 | 77.00 | 143.00 | 220.00 | OK |
Version: 0.2.2
Check: installed package size
Result: NOTE
installed size is 24.4Mb
sub-directories of 1Mb or more:
libs 24.1Mb
Flavors: r-release-macos-arm64, r-release-macos-x86_64, r-oldrel-macos-arm64, r-oldrel-macos-x86_64