CRAN Package Check Results for Package spINAR

Last updated on 2024-06-13 18:50:09 CEST.

Flavor Version Tinstall Tcheck Ttotal Status Flags
r-devel-linux-x86_64-debian-clang 0.2.0 5.77 637.41 643.18 OK
r-devel-linux-x86_64-debian-gcc 0.2.0 0.40 1.67 2.07 ERROR
r-devel-linux-x86_64-fedora-clang 0.2.0 765.26 OK
r-devel-linux-x86_64-fedora-gcc 0.2.0 706.62 OK
r-devel-windows-x86_64 0.2.0 5.00 355.00 360.00 OK
r-patched-linux-x86_64 0.2.0 5.35 576.31 581.66 OK
r-release-linux-x86_64 0.2.0 4.47 580.52 584.99 OK
r-release-macos-arm64 0.2.0 165.00 OK
r-release-macos-x86_64 0.2.0 242.00 OK
r-release-windows-x86_64 0.2.0 6.00 359.00 365.00 OK
r-oldrel-macos-arm64 0.2.0 222.00 OK
r-oldrel-macos-x86_64 0.2.0 424.00 OK
r-oldrel-windows-x86_64 0.2.0 7.00 509.00 516.00 OK

Check Details

Version: 0.2.0
Check: package dependencies
Result: ERROR Package required but not available: ‘progress’ Package suggested but not available for checking: ‘testthat’ See section ‘The DESCRIPTION file’ in the ‘Writing R Extensions’ manual. Flavor: r-devel-linux-x86_64-debian-gcc