CRAN Package Check Results for Package spRingsteen

Last updated on 2024-02-28 17:48:41 CET.

Flavor Version Tinstall Tcheck Ttotal Status Flags
r-devel-linux-x86_64-debian-clang 0.1.0 4.13 34.68 38.81 OK
r-devel-linux-x86_64-debian-gcc 0.1.0 2.77 26.95 29.72 OK
r-devel-linux-x86_64-fedora-clang 0.1.0 48.78 NOTE
r-devel-linux-x86_64-fedora-gcc 0.1.0 46.82 NOTE
r-devel-windows-x86_64 0.1.0 6.00 49.00 55.00 OK
r-patched-linux-x86_64 0.1.0 3.11 34.44 37.55 OK
r-release-linux-x86_64 0.1.0 2.72 34.40 37.12 OK
r-release-macos-arm64 0.1.0 22.00 OK
r-release-macos-x86_64 0.1.0 31.00 OK
r-release-windows-x86_64 0.1.0 6.00 49.00 55.00 OK
r-oldrel-macos-arm64 0.1.0 21.00 NOTE
r-oldrel-windows-x86_64 0.1.0 7.00 55.00 62.00 OK

Check Details

Version: 0.1.0
Check: data for non-ASCII characters
Result: NOTE Note: found 199 marked UTF-8 strings Flavors: r-devel-linux-x86_64-fedora-clang, r-devel-linux-x86_64-fedora-gcc, r-oldrel-macos-arm64