Last updated on 2023-03-30 17:52:44 CEST.
Flavor | Version | Tinstall | Tcheck | Ttotal | Status | Flags |
---|---|---|---|---|---|---|
r-devel-linux-x86_64-debian-clang | 0.1.0 | 4.13 | 34.91 | 39.04 | OK | |
r-devel-linux-x86_64-debian-gcc | 0.1.0 | 2.32 | 27.23 | 29.55 | OK | |
r-devel-linux-x86_64-fedora-clang | 0.1.0 | 48.98 | NOTE | |||
r-devel-linux-x86_64-fedora-gcc | 0.1.0 | 47.00 | NOTE | |||
r-patched-linux-x86_64 | 0.1.0 | 3.31 | 33.51 | 36.82 | OK | |
r-release-linux-x86_64 | 0.1.0 | 3.63 | 35.60 | 39.23 | OK | |
r-release-macos-arm64 | 0.1.0 | 21.00 | NOTE | |||
r-release-macos-x86_64 | 0.1.0 | 27.00 | NOTE | |||
r-release-windows-x86_64 | 0.1.0 | 16.00 | 66.00 | 82.00 | OK | |
r-oldrel-macos-arm64 | 0.1.0 | 25.00 | NOTE | |||
r-oldrel-macos-x86_64 | 0.1.0 | 30.00 | NOTE | |||
r-oldrel-windows-ix86+x86_64 | 0.1.0 | 11.00 | 62.00 | 73.00 | OK |
Version: 0.1.0
Check: data for non-ASCII characters
Result: NOTE
Note: found 199 marked UTF-8 strings
Flavors: r-devel-linux-x86_64-fedora-clang, r-devel-linux-x86_64-fedora-gcc, r-release-macos-arm64, r-release-macos-x86_64, r-oldrel-macos-arm64, r-oldrel-macos-x86_64