CRAN Package Check Results for Package spTDyn

Last updated on 2019-07-16 05:48:34 CEST.

Flavor Version Tinstall Tcheck Ttotal Status Flags
r-devel-linux-x86_64-debian-clang 2.0 14.35 59.79 74.14 OK
r-devel-linux-x86_64-debian-gcc 2.0 13.54 48.05 61.59 OK
r-devel-linux-x86_64-fedora-clang 2.0 97.91 OK
r-devel-linux-x86_64-fedora-gcc 2.0 90.95 OK
r-devel-windows-ix86+x86_64 2.0 45.00 138.00 183.00 OK
r-patched-linux-x86_64 2.0 13.62 61.05 74.67 NOTE
r-patched-solaris-x86 2.0 152.90 OK
r-release-linux-x86_64 2.0 14.95 60.25 75.20 NOTE
r-release-windows-ix86+x86_64 2.0 33.00 128.00 161.00 OK
r-release-osx-x86_64 2.0 OK
r-oldrel-windows-ix86+x86_64 2.0 42.00 122.00 164.00 OK
r-oldrel-osx-x86_64 2.0 OK

Check Details

Version: 2.0
Check: DESCRIPTION meta-information
Result: NOTE
    Dependence on R version ‘3.4.1’ not with patchlevel 0
Flavors: r-patched-linux-x86_64, r-release-linux-x86_64