CRAN Package Check Results for Package spTDyn

Last updated on 2019-05-24 11:51:38 CEST.

Flavor Version Tinstall Tcheck Ttotal Status Flags
r-devel-linux-x86_64-debian-clang 2.0 15.24 60.75 75.99 OK
r-devel-linux-x86_64-debian-gcc 2.0 12.41 47.62 60.03 OK
r-devel-linux-x86_64-fedora-clang 2.0 93.40 OK
r-devel-linux-x86_64-fedora-gcc 2.0 91.56 OK
r-devel-windows-ix86+x86_64 2.0 36.00 117.00 153.00 OK
r-patched-linux-x86_64 2.0 14.70 60.74 75.44 NOTE
r-patched-solaris-x86 2.0 162.90 OK
r-release-linux-x86_64 2.0 15.56 60.63 76.19 NOTE
r-release-windows-ix86+x86_64 2.0 49.00 97.00 146.00 OK
r-release-osx-x86_64 2.0 OK
r-oldrel-windows-ix86+x86_64 2.0 38.00 85.00 123.00 OK
r-oldrel-osx-x86_64 2.0 OK

Check Details

Version: 2.0
Check: DESCRIPTION meta-information
Result: NOTE
    Dependence on R version ‘3.4.1’ not with patchlevel 0
Flavors: r-patched-linux-x86_64, r-release-linux-x86_64