Last updated on 2024-08-16 11:49:52 CEST.
Flavor | Version | Tinstall | Tcheck | Ttotal | Status | Flags |
---|---|---|---|---|---|---|
r-devel-linux-x86_64-debian-clang | 2.0.2 | 14.31 | 63.32 | 77.63 | NOTE | |
r-devel-linux-x86_64-debian-gcc | 2.0.2 | 11.36 | 43.67 | 55.03 | NOTE | |
r-devel-linux-x86_64-fedora-clang | 2.0.2 | 124.98 | OK | |||
r-devel-linux-x86_64-fedora-gcc | 2.0.2 | 122.64 | OK | |||
r-devel-windows-x86_64 | 2.0.2 | 22.00 | 79.00 | 101.00 | NOTE | |
r-patched-linux-x86_64 | 2.0.2 | 17.97 | 59.40 | 77.37 | OK | |
r-release-linux-x86_64 | 2.0.2 | 15.29 | 59.32 | 74.61 | OK | |
r-release-macos-arm64 | 2.0.2 | 39.00 | OK | |||
r-release-macos-x86_64 | 2.0.2 | 62.00 | OK | |||
r-release-windows-x86_64 | 2.0.2 | 21.00 | 79.00 | 100.00 | OK | |
r-oldrel-macos-arm64 | 2.0.2 | 41.00 | OK | |||
r-oldrel-macos-x86_64 | 2.0.2 | 61.00 | OK | |||
r-oldrel-windows-x86_64 | 2.0.2 | 25.00 | 91.00 | 116.00 | OK |
Version: 2.0.2
Check: Rd cross-references
Result: NOTE
Found the following Rd file(s) with Rd \link{} targets missing package
anchors:
spTDyn-package.Rd: predict.spT
Please provide package anchors for all Rd \link{} targets not in the
package itself and the base packages.
Flavors: r-devel-linux-x86_64-debian-clang, r-devel-linux-x86_64-debian-gcc, r-devel-windows-x86_64