CRAN Package Check Results for Package spTimer

Last updated on 2024-07-18 17:49:18 CEST.

Flavor Version Tinstall Tcheck Ttotal Status Flags
r-devel-linux-x86_64-debian-clang 3.3.2 29.35 115.00 144.35 NOTE
r-devel-linux-x86_64-debian-gcc 3.3.2 22.34 79.50 101.84 NOTE
r-devel-linux-x86_64-fedora-clang 3.3.2 171.49 NOTE
r-devel-linux-x86_64-fedora-gcc 3.3.2 175.18 NOTE
r-devel-windows-x86_64 3.3.2 31.00 94.00 125.00 NOTE
r-patched-linux-x86_64 3.3.2 28.12 105.14 133.26 NOTE
r-release-linux-x86_64 3.3.2 25.31 105.98 131.29 NOTE
r-release-macos-arm64 3.3.2 47.00 NOTE
r-release-macos-x86_64 3.3.2 79.00 NOTE
r-release-windows-x86_64 3.3.2 29.00 94.00 123.00 NOTE
r-oldrel-macos-arm64 3.3.2 49.00 OK
r-oldrel-macos-x86_64 3.3.2 86.00 OK
r-oldrel-windows-x86_64 3.3.2 37.00 116.00 153.00 OK

Check Details

Version: 3.3.2
Check: Rd files
Result: NOTE checkRd: (-1) predict.spT.Rd:36: Lost braces 36 | \item{...}{Other values "obsData", "fittedData" and "residuals" are provided only for temporal prediction. This is to analyse the code{spTimer} forecast output using package \code{forecast} through function \code{\link{as.forecast.object}}.} | ^ Flavors: r-devel-linux-x86_64-debian-clang, r-devel-linux-x86_64-debian-gcc, r-devel-linux-x86_64-fedora-clang, r-devel-linux-x86_64-fedora-gcc, r-devel-windows-x86_64, r-patched-linux-x86_64, r-release-linux-x86_64, r-release-macos-arm64, r-release-macos-x86_64, r-release-windows-x86_64