Last updated on 2024-03-28 06:53:03 CET.
Flavor | Version | Tinstall | Tcheck | Ttotal | Status | Flags |
---|---|---|---|---|---|---|
r-devel-linux-x86_64-debian-clang | 4.4.16 | 234.85 | 434.45 | 669.30 | OK | |
r-devel-linux-x86_64-debian-gcc | 4.4.16 | 211.81 | 302.33 | 514.14 | OK | |
r-devel-linux-x86_64-fedora-clang | 4.4.16 | 800.92 | NOTE | |||
r-devel-linux-x86_64-fedora-gcc | 4.4.16 | 853.79 | OK | |||
r-devel-windows-x86_64 | 4.4.16 | 172.00 | 314.00 | 486.00 | NOTE | |
r-patched-linux-x86_64 | 4.4.16 | 157.60 | 413.08 | 570.68 | OK | |
r-release-linux-x86_64 | 4.4.16 | 169.54 | 403.86 | 573.40 | OK | |
r-release-macos-arm64 | 4.4.16 | 200.00 | NOTE | |||
r-release-macos-x86_64 | 4.4.16 | 340.00 | NOTE | |||
r-release-windows-x86_64 | 4.4.16 | 225.00 | 426.00 | 651.00 | NOTE | |
r-oldrel-macos-arm64 | 4.4.16 | 171.00 | NOTE | |||
r-oldrel-windows-x86_64 | 4.4.16 | 224.00 | 402.00 | 626.00 | NOTE |
Version: 4.4.16
Check: installed package size
Result: NOTE
installed size is 5.1Mb
sub-directories of 1Mb or more:
R 2.7Mb
libs 1.0Mb
Flavors: r-devel-linux-x86_64-fedora-clang, r-devel-windows-x86_64, r-release-macos-arm64, r-release-macos-x86_64, r-release-windows-x86_64, r-oldrel-macos-arm64, r-oldrel-windows-x86_64