Last updated on 2024-05-13 05:52:45 CEST.
Flavor | Version | Tinstall | Tcheck | Ttotal | Status | Flags |
---|---|---|---|---|---|---|
r-devel-linux-x86_64-debian-clang | 0.3.2 | 40.13 | 30.86 | 70.99 | OK | |
r-devel-linux-x86_64-debian-gcc | 0.3.2 | 26.69 | 23.59 | 50.28 | OK | |
r-devel-linux-x86_64-fedora-clang | 0.3.2 | 90.41 | OK | |||
r-devel-linux-x86_64-fedora-gcc | 0.3.2 | 141.88 | OK | |||
r-devel-windows-x86_64 | 0.3.2 | 29.00 | 69.00 | 98.00 | OK | |
r-patched-linux-x86_64 | 0.3.2 | 35.37 | 29.79 | 65.16 | OK | |
r-release-linux-x86_64 | 0.3.2 | 34.08 | 29.99 | 64.07 | OK | |
r-release-macos-arm64 | 0.3.2 | 24.00 | NOTE | |||
r-release-windows-x86_64 | 0.3.2 | 29.00 | 71.00 | 100.00 | OK | |
r-oldrel-macos-arm64 | 0.3.2 | 28.00 | NOTE | |||
r-oldrel-macos-x86_64 | 0.3.2 | 44.00 | NOTE | |||
r-oldrel-windows-x86_64 | 0.3.2 | 35.00 | 128.00 | 163.00 | OK |
Version: 0.3.2
Check: installed package size
Result: NOTE
installed size is 5.2Mb
sub-directories of 1Mb or more:
include 2.1Mb
libs 3.0Mb
Flavors: r-release-macos-arm64, r-oldrel-macos-arm64, r-oldrel-macos-x86_64