Last updated on 2024-08-16 11:49:52 CEST.
Flavor | Version | Tinstall | Tcheck | Ttotal | Status | Flags |
---|---|---|---|---|---|---|
r-devel-linux-x86_64-debian-clang | 0.6.0 | 1.69 | 52.04 | 53.73 | NOTE | |
r-devel-linux-x86_64-debian-gcc | 0.6.0 | 1.35 | 39.63 | 40.98 | NOTE | |
r-devel-linux-x86_64-fedora-clang | 0.6.0 | 93.31 | NOTE | |||
r-devel-linux-x86_64-fedora-gcc | 0.6.0 | 110.62 | NOTE | |||
r-devel-windows-x86_64 | 0.6.0 | 3.00 | 110.00 | 113.00 | NOTE | |
r-patched-linux-x86_64 | 0.6.0 | 1.91 | 48.94 | 50.85 | NOTE | |
r-release-linux-x86_64 | 0.6.0 | 1.80 | 49.72 | 51.52 | NOTE | |
r-release-macos-arm64 | 0.6.0 | 44.00 | NOTE | |||
r-release-macos-x86_64 | 0.6.0 | 66.00 | NOTE | |||
r-release-windows-x86_64 | 0.6.0 | 3.00 | 112.00 | 115.00 | NOTE | |
r-oldrel-macos-arm64 | 0.6.0 | 44.00 | NOTE | |||
r-oldrel-macos-x86_64 | 0.6.0 | 70.00 | NOTE | |||
r-oldrel-windows-x86_64 | 0.6.0 | 3.00 | 115.00 | 118.00 | NOTE |
Version: 0.6.0
Check: LazyData
Result: NOTE
'LazyData' is specified without a 'data' directory
Flavors: r-devel-linux-x86_64-debian-clang, r-devel-linux-x86_64-debian-gcc, r-devel-linux-x86_64-fedora-clang, r-devel-linux-x86_64-fedora-gcc, r-devel-windows-x86_64, r-patched-linux-x86_64, r-release-linux-x86_64, r-release-macos-arm64, r-release-macos-x86_64, r-release-windows-x86_64, r-oldrel-macos-arm64, r-oldrel-macos-x86_64, r-oldrel-windows-x86_64
Version: 0.6.0
Check: package dependencies
Result: NOTE
Package suggested but not available for checking: ‘earlywarnings’
Flavor: r-devel-linux-x86_64-fedora-clang
Version: 0.6.0
Check: dependencies in R code
Result: NOTE
Namespace in Imports field not imported from: ‘utils’
All declared Imports should be used.
Flavors: r-devel-linux-x86_64-fedora-clang, r-devel-linux-x86_64-fedora-gcc