CRAN Package Check Results for Package spamtree

Last updated on 2023-03-30 17:52:44 CEST.

Flavor Version Tinstall Tcheck Ttotal Status Flags
r-devel-linux-x86_64-debian-clang 0.2.2 161.61 176.41 338.02 NOTE
r-devel-linux-x86_64-debian-gcc 0.2.2 128.37 129.25 257.62 NOTE
r-devel-linux-x86_64-fedora-clang 0.2.2 440.91 NOTE
r-devel-linux-x86_64-fedora-gcc 0.2.2 425.06 NOTE
r-patched-linux-x86_64 0.2.2 144.82 147.48 292.30 NOTE
r-release-linux-x86_64 0.2.2 143.10 149.72 292.82 OK
r-release-macos-arm64 0.2.2 121.00 NOTE
r-release-macos-x86_64 0.2.2 180.00 NOTE
r-release-windows-x86_64 0.2.2 125.00 155.00 280.00 OK
r-oldrel-macos-arm64 0.2.2 102.00 NOTE
r-oldrel-macos-x86_64 0.2.2 134.00 NOTE
r-oldrel-windows-ix86+x86_64 0.2.2 384.00 165.00 549.00 OK

Check Details

Version: 0.2.2
Check: C++ specification
Result: NOTE
     Specified C++11: please drop specification unless essential
Flavors: r-devel-linux-x86_64-debian-clang, r-devel-linux-x86_64-debian-gcc, r-devel-linux-x86_64-fedora-clang, r-devel-linux-x86_64-fedora-gcc, r-patched-linux-x86_64

Version: 0.2.2
Check: installed package size
Result: NOTE
     installed size is 9.7Mb
     sub-directories of 1Mb or more:
     libs 9.4Mb
Flavors: r-release-macos-arm64, r-release-macos-x86_64, r-oldrel-macos-arm64, r-oldrel-macos-x86_64